CRAN Package Check Results for Package QGameTheory

Last updated on 2021-12-07 05:55:14 CET.

Flavor Version Tinstall Tcheck Ttotal Status Flags
r-devel-linux-x86_64-debian-clang 0.1.2 7.69 64.57 72.26 NOTE
r-devel-linux-x86_64-debian-gcc 0.1.2 6.08 47.81 53.89 NOTE
r-devel-linux-x86_64-fedora-clang 0.1.2 84.94 NOTE
r-devel-linux-x86_64-fedora-gcc 0.1.2 72.84 NOTE
r-devel-windows-x86_64-new-UL 0.1.2 17.00 94.00 111.00 NOTE
r-devel-windows-x86_64-new-TK 0.1.2 NOTE
r-devel-windows-x86_64-old 0.1.2 11.00 88.00 99.00 NOTE
r-patched-linux-x86_64 0.1.2 5.62 60.16 65.78 NOTE
r-release-linux-x86_64 0.1.2 7.25 59.79 67.04 NOTE
r-release-macos-arm64 0.1.2 NOTE
r-release-macos-x86_64 0.1.2 NOTE
r-release-windows-ix86+x86_64 0.1.2 11.00 74.00 85.00 NOTE
r-oldrel-macos-x86_64 0.1.2 OK
r-oldrel-windows-ix86+x86_64 0.1.2 15.00 80.00 95.00 OK

Check Details

Version: 0.1.2
Check: LazyData
Result: NOTE
     'LazyData' is specified without a 'data' directory
Flavors: r-devel-linux-x86_64-debian-clang, r-devel-linux-x86_64-debian-gcc, r-devel-linux-x86_64-fedora-clang, r-devel-linux-x86_64-fedora-gcc, r-devel-windows-x86_64-new-UL, r-devel-windows-x86_64-new-TK, r-devel-windows-x86_64-old, r-patched-linux-x86_64, r-release-linux-x86_64, r-release-macos-arm64, r-release-macos-x86_64, r-release-windows-ix86+x86_64