CRAN Package Check Results for Package QRM

Last updated on 2019-06-20 05:48:38 CEST.

Flavor Version Tinstall Tcheck Ttotal Status Flags
r-devel-linux-x86_64-debian-clang 0.4-13 27.48 102.65 130.13 OK
r-devel-linux-x86_64-debian-gcc 0.4-13 19.64 80.60 100.24 OK
r-devel-linux-x86_64-fedora-clang 0.4-13 159.77 NOTE
r-devel-linux-x86_64-fedora-gcc 0.4-13 150.60 NOTE
r-devel-windows-ix86+x86_64 0.4-13 71.00 221.00 292.00 OK
r-patched-linux-x86_64 0.4-13 26.80 102.54 129.34 OK
r-patched-solaris-x86 0.4-13 226.30 OK
r-release-linux-x86_64 0.4-13 23.90 103.59 127.49 OK
r-release-windows-ix86+x86_64 0.4-13 61.00 225.00 286.00 OK
r-release-osx-x86_64 0.4-13 OK
r-oldrel-windows-ix86+x86_64 0.4-13 40.00 223.00 263.00 OK
r-oldrel-osx-x86_64 0.4-13 OK

Check Details

Version: 0.4-13
Check: compiled code
Result: NOTE
    File ‘QRM/libs/QRM.so’:
     Found no calls to: ‘R_registerRoutines’, ‘R_useDynamicSymbols’
    
    It is good practice to register native routines and to disable symbol
    search.
    
    See ‘Writing portable packages’ in the ‘Writing R Extensions’ manual.
Flavors: r-devel-linux-x86_64-fedora-clang, r-devel-linux-x86_64-fedora-gcc