CRAN Package Check Results for Package QRM

Last updated on 2019-09-15 05:46:23 CEST.

Flavor Version Tinstall Tcheck Ttotal Status Flags
r-devel-linux-x86_64-debian-clang 0.4-13 29.61 104.57 134.18 OK
r-devel-linux-x86_64-debian-gcc 0.4-13 19.44 80.88 100.32 OK
r-devel-linux-x86_64-fedora-clang 0.4-13 162.03 NOTE
r-devel-linux-x86_64-fedora-gcc 0.4-13 158.69 NOTE
r-devel-windows-ix86+x86_64 0.4-13 66.00 177.00 243.00 OK
r-patched-linux-x86_64 0.4-13 23.85 103.17 127.02 OK
r-patched-solaris-x86 0.4-13 217.80 OK
r-release-linux-x86_64 0.4-13 23.72 100.63 124.35 OK
r-release-windows-ix86+x86_64 0.4-13 41.00 166.00 207.00 OK
r-release-osx-x86_64 0.4-13 OK
r-oldrel-windows-ix86+x86_64 0.4-13 54.00 159.00 213.00 OK
r-oldrel-osx-x86_64 0.4-13 OK

Check Details

Version: 0.4-13
Check: compiled code
Result: NOTE
    File ‘QRM/libs/QRM.so’:
     Found no calls to: ‘R_registerRoutines’, ‘R_useDynamicSymbols’
    
    It is good practice to register native routines and to disable symbol
    search.
    
    See ‘Writing portable packages’ in the ‘Writing R Extensions’ manual.
Flavors: r-devel-linux-x86_64-fedora-clang, r-devel-linux-x86_64-fedora-gcc