CRAN Package Check Results for Package Qtools

Last updated on 2021-01-18 05:47:35 CET.

Flavor Version Tinstall Tcheck Ttotal Status Flags
r-devel-linux-x86_64-debian-clang 1.5.3 45.13 174.13 219.26 OK
r-devel-linux-x86_64-debian-gcc 1.5.3 32.65 128.04 160.69 OK
r-devel-linux-x86_64-fedora-clang 1.5.3 266.22 OK
r-devel-linux-x86_64-fedora-gcc 1.5.3 256.31 OK
r-devel-windows-ix86+x86_64 1.5.3 71.00 200.00 271.00 OK
r-patched-linux-x86_64 1.5.3 27.32 156.33 183.65 OK
r-patched-solaris-x86 1.5.3 316.40 WARN
r-release-linux-x86_64 1.5.3 35.77 156.55 192.32 OK
r-release-macos-x86_64 1.5.3 WARN
r-release-windows-ix86+x86_64 1.5.3 81.00 215.00 296.00 OK
r-oldrel-macos-x86_64 1.5.3 WARN
r-oldrel-windows-ix86+x86_64 1.5.3 90.00 231.00 321.00 OK

Check Details

Version: 1.5.3
Check: re-building of vignette outputs
Result: WARN
    Error(s) in re-building vignettes:
     ...
    --- re-building ‘Qtools.Rmd’ using rmarkdown
    Warning in engine$weave(file, quiet = quiet, encoding = enc) :
     Pandoc (>= 1.12.3) and/or pandoc-citeproc not available. Falling back to R Markdown v1.
    Quitting from lines 124-146 (Qtools.Rmd)
    Error: processing vignette 'Qtools.Rmd' failed with diagnostics:
    argument is of length zero
    --- failed re-building ‘Qtools.Rmd’
    
    SUMMARY: processing the following file failed:
     ‘Qtools.Rmd’
    
    Error: Vignette re-building failed.
    Execution halted
Flavors: r-patched-solaris-x86, r-release-macos-x86_64, r-oldrel-macos-x86_64