CRAN Package Check Results for Package R.rsp

Last updated on 2019-07-16 05:48:27 CEST.

Flavor Version Tinstall Tcheck Ttotal Status Flags
r-devel-linux-x86_64-debian-clang 0.43.1 11.28 139.63 150.91 NOTE
r-devel-linux-x86_64-debian-gcc 0.43.1 9.75 112.37 122.12 NOTE
r-devel-linux-x86_64-fedora-clang 0.43.1 187.58 NOTE
r-devel-linux-x86_64-fedora-gcc 0.43.1 186.43 NOTE
r-devel-windows-ix86+x86_64 0.43.1 58.00 532.00 590.00 OK
r-patched-linux-x86_64 0.43.1 10.96 140.96 151.92 OK
r-patched-solaris-x86 0.43.1 271.70 OK
r-release-linux-x86_64 0.43.1 11.78 138.81 150.59 OK
r-release-windows-ix86+x86_64 0.43.1 40.00 537.00 577.00 OK
r-release-osx-x86_64 0.43.1 FAIL
r-oldrel-windows-ix86+x86_64 0.43.1 30.00 520.00 550.00 OK
r-oldrel-osx-x86_64 0.43.1 OK

Check Details

Version: 0.43.1
Check: for non-standard things in the check directory
Result: NOTE
    Found the following files/directories:
     'random-args.txt' 'random.txt'
Flavors: r-devel-linux-x86_64-debian-clang, r-devel-linux-x86_64-debian-gcc, r-devel-linux-x86_64-fedora-clang, r-devel-linux-x86_64-fedora-gcc

Version: 0.43.1
Check: dependencies in R code
Result: FAIL
    
Flavor: r-release-osx-x86_64