CRAN Package Check Results for Package R.rsp

Last updated on 2020-02-20 05:48:33 CET.

Flavor Version Tinstall Tcheck Ttotal Status Flags
r-devel-linux-x86_64-debian-clang 0.43.2 12.80 150.90 163.70 OK
r-devel-linux-x86_64-debian-gcc 0.43.2 9.91 117.85 127.76 OK
r-devel-linux-x86_64-fedora-clang 0.43.2 203.63 OK
r-devel-linux-x86_64-fedora-gcc 0.43.2 201.08 OK
r-devel-windows-ix86+x86_64 0.43.2 25.00 350.00 375.00 OK
r-devel-windows-ix86+x86_64-gcc8 0.43.2 39.00 415.00 454.00 OK
r-patched-linux-x86_64 0.43.2 10.39 137.92 148.31 OK
r-patched-solaris-x86 0.43.2 263.10 OK
r-release-linux-x86_64 0.43.2 12.04 137.69 149.73 OK
r-release-windows-ix86+x86_64 0.43.2 22.00 312.00 334.00 OK
r-release-osx-x86_64 0.43.2 NOTE
r-oldrel-windows-ix86+x86_64 0.43.2 22.00 314.00 336.00 OK
r-oldrel-osx-x86_64 0.43.2 NOTE

Check Details

Version: 0.43.2
Check: dependencies in R code
Result: NOTE
    No protocol specified
    No protocol specified
Flavors: r-release-osx-x86_64, r-oldrel-osx-x86_64