CRAN Package Check Results for Package R2OpenBUGS

Last updated on 2019-05-26 05:46:58 CEST.

Flavor Version Tinstall Tcheck Ttotal Status Flags
r-devel-linux-x86_64-debian-clang 3.2-3.2 4.21 37.61 41.82 NOTE
r-devel-linux-x86_64-debian-gcc 3.2-3.2 3.43 29.85 33.28 NOTE
r-devel-linux-x86_64-fedora-clang 3.2-3.2 46.73 OK
r-devel-linux-x86_64-fedora-gcc 3.2-3.2 45.15 OK
r-devel-windows-ix86+x86_64 3.2-3.2 8.00 85.00 93.00 OK
r-patched-linux-x86_64 3.2-3.2 NOTE
r-patched-solaris-x86 3.2-3.2 74.40 OK --no-tests
r-release-linux-x86_64 3.2-3.2 4.49 37.78 42.27 NOTE
r-release-windows-ix86+x86_64 3.2-3.2 12.00 51.00 63.00 OK
r-release-osx-x86_64 3.2-3.2 OK
r-oldrel-windows-ix86+x86_64 3.2-3.2 12.00 48.00 60.00 OK
r-oldrel-osx-x86_64 3.2-3.2 OK

Check Details

Version: 3.2-3.2
Check: R code for possible problems
Result: NOTE
    Found the following calls to attach():
    File 'R2OpenBUGS/R/attach.all.R':
     attach(x, name = name)
    See section 'Good practice' in '?attach'.
Flavors: r-devel-linux-x86_64-debian-clang, r-devel-linux-x86_64-debian-gcc, r-patched-linux-x86_64, r-release-linux-x86_64