Last updated on 2022-08-08 05:50:35 CEST.
Flavor | Version | Tinstall | Tcheck | Ttotal | Status | Flags |
---|---|---|---|---|---|---|
r-devel-linux-x86_64-debian-clang | 3.2-3.2.1 | 5.63 | 47.91 | 53.54 | NOTE | |
r-devel-linux-x86_64-debian-gcc | 3.2-3.2.1 | 3.79 | 36.67 | 40.46 | NOTE | |
r-devel-linux-x86_64-fedora-clang | 3.2-3.2.1 | 73.77 | OK | |||
r-devel-linux-x86_64-fedora-gcc | 3.2-3.2.1 | 77.95 | OK | |||
r-devel-windows-x86_64 | 3.2-3.2.1 | 75.00 | 97.00 | 172.00 | OK | |
r-patched-linux-x86_64 | 3.2-3.2.1 | 5.67 | 46.13 | 51.80 | NOTE | |
r-release-linux-x86_64 | 3.2-3.2.1 | NOTE | ||||
r-release-macos-arm64 | 3.2-3.2.1 | 24.00 | OK | |||
r-release-macos-x86_64 | 3.2-3.2.1 | 34.00 | OK | |||
r-release-windows-x86_64 | 3.2-3.2.1 | 75.00 | 94.00 | 169.00 | OK | |
r-oldrel-macos-arm64 | 3.2-3.2.1 | 31.00 | OK | |||
r-oldrel-macos-x86_64 | 3.2-3.2.1 | 41.00 | OK | |||
r-oldrel-windows-ix86+x86_64 | 3.2-3.2.1 | 9.00 | 64.00 | 73.00 | OK |
Version: 3.2-3.2.1
Check: R code for possible problems
Result: NOTE
Found the following calls to attach():
File 'R2OpenBUGS/R/attach.all.R':
attach(x, name = name)
See section 'Good practice' in '?attach'.
Flavors: r-devel-linux-x86_64-debian-clang, r-devel-linux-x86_64-debian-gcc, r-patched-linux-x86_64, r-release-linux-x86_64