CRAN Package Check Results for Package R2WinBUGS

Last updated on 2019-08-25 05:46:56 CEST.

Flavor Version Tinstall Tcheck Ttotal Status Flags
r-devel-linux-x86_64-debian-clang 2.1-21 4.51 39.74 44.25 NOTE
r-devel-linux-x86_64-debian-gcc 2.1-21 3.19 31.15 34.34 NOTE
r-devel-linux-x86_64-fedora-clang 2.1-21 51.90 OK
r-devel-linux-x86_64-fedora-gcc 2.1-21 49.42 OK
r-devel-windows-ix86+x86_64 2.1-21 9.00 54.00 63.00 OK
r-patched-linux-x86_64 2.1-21 4.43 39.39 43.82 NOTE
r-patched-solaris-x86 2.1-21 81.90 NOTE
r-release-linux-x86_64 2.1-21 4.55 39.65 44.20 NOTE
r-release-windows-ix86+x86_64 2.1-21 8.00 77.00 85.00 OK
r-release-osx-x86_64 2.1-21 NOTE
r-oldrel-windows-ix86+x86_64 2.1-21 16.00 74.00 90.00 OK
r-oldrel-osx-x86_64 2.1-21 NOTE

Check Details

Version: 2.1-21
Check: R code for possible problems
Result: NOTE
    Found the following calls to attach():
    File 'R2WinBUGS/R/attach.all.R':
     attach(x, name = name)
    See section 'Good practice' in '?attach'.
Flavors: r-devel-linux-x86_64-debian-clang, r-devel-linux-x86_64-debian-gcc, r-patched-linux-x86_64, r-release-linux-x86_64

Version: 2.1-21
Check: package dependencies
Result: NOTE
    Package suggested but not available for checking: ‘BRugs’
Flavors: r-patched-solaris-x86, r-release-osx-x86_64, r-oldrel-osx-x86_64

Version: 2.1-21
Check: Rd cross-references
Result: NOTE
    Package unavailable to check Rd xrefs: ‘BRugs’
Flavors: r-patched-solaris-x86, r-release-osx-x86_64, r-oldrel-osx-x86_64