CRAN Package Check Results for Package R2WinBUGS

Last updated on 2019-05-22 05:48:32 CEST.

Flavor Version Tinstall Tcheck Ttotal Status Flags
r-devel-linux-x86_64-debian-clang 2.1-21 4.47 39.19 43.66 NOTE
r-devel-linux-x86_64-debian-gcc 2.1-21 3.07 30.95 34.02 NOTE
r-devel-linux-x86_64-fedora-clang 2.1-21 48.89 OK
r-devel-linux-x86_64-fedora-gcc 2.1-21 47.07 OK
r-devel-windows-ix86+x86_64 2.1-21 8.00 70.00 78.00 OK
r-patched-linux-x86_64 2.1-21 4.00 39.12 43.12 NOTE
r-patched-solaris-x86 2.1-21 76.00 NOTE
r-release-linux-x86_64 2.1-21 3.13 39.03 42.16 NOTE
r-release-windows-ix86+x86_64 2.1-21 10.00 54.00 64.00 OK
r-release-osx-x86_64 2.1-21 NOTE
r-oldrel-windows-ix86+x86_64 2.1-21 5.00 56.00 61.00 OK
r-oldrel-osx-x86_64 2.1-21 NOTE

Check Details

Version: 2.1-21
Check: R code for possible problems
Result: NOTE
    Found the following calls to attach():
    File 'R2WinBUGS/R/attach.all.R':
     attach(x, name = name)
    See section 'Good practice' in '?attach'.
Flavors: r-devel-linux-x86_64-debian-clang, r-devel-linux-x86_64-debian-gcc, r-patched-linux-x86_64, r-release-linux-x86_64

Version: 2.1-21
Check: package dependencies
Result: NOTE
    Package suggested but not available for checking: ‘BRugs’
Flavors: r-patched-solaris-x86, r-release-osx-x86_64, r-oldrel-osx-x86_64

Version: 2.1-21
Check: Rd cross-references
Result: NOTE
    Package unavailable to check Rd xrefs: ‘BRugs’
Flavors: r-patched-solaris-x86, r-release-osx-x86_64, r-oldrel-osx-x86_64