CRAN Package Check Results for Package R6P

Last updated on 2024-06-20 06:57:21 CEST.

Flavor Version Tinstall Tcheck Ttotal Status Flags
r-devel-linux-x86_64-debian-clang 0.3.0 4.43 36.70 41.13 NOTE
r-devel-linux-x86_64-debian-gcc 0.3.0 3.25 28.90 32.15 NOTE
r-devel-linux-x86_64-fedora-clang 0.3.0 53.33 NOTE
r-devel-linux-x86_64-fedora-gcc 0.3.0 50.60 NOTE
r-devel-windows-x86_64 0.3.0 5.00 55.00 60.00 NOTE
r-patched-linux-x86_64 0.3.0 3.35 36.02 39.37 NOTE
r-release-linux-x86_64 0.3.0 4.62 35.50 40.12 NOTE
r-release-macos-arm64 0.3.0 23.00 OK
r-release-macos-x86_64 0.3.0 31.00 OK
r-release-windows-x86_64 0.3.0 5.00 55.00 60.00 NOTE
r-oldrel-macos-arm64 0.3.0 22.00 OK
r-oldrel-macos-x86_64 0.3.0 28.00 OK
r-oldrel-windows-x86_64 0.3.0 5.00 59.00 64.00 OK

Check Details

Version: 0.3.0
Check: HTML version of manual
Result: NOTE Found the following HTML validation problems: Repository.html:125:1 (Repository.Rd:129): Warning: trimming empty <ul> Flavors: r-devel-linux-x86_64-debian-clang, r-devel-linux-x86_64-debian-gcc, r-devel-linux-x86_64-fedora-clang, r-devel-linux-x86_64-fedora-gcc, r-devel-windows-x86_64, r-patched-linux-x86_64, r-release-linux-x86_64, r-release-windows-x86_64