CRAN Package Check Results for Package RAM

Last updated on 2021-06-18 05:48:56 CEST.

Flavor Version Tinstall Tcheck Ttotal Status Flags
r-devel-linux-x86_64-debian-clang 1.2.1.7 24.56 214.54 239.10 OK
r-devel-linux-x86_64-debian-gcc 1.2.1.7 19.98 156.25 176.23 OK
r-devel-linux-x86_64-fedora-clang 1.2.1.7 320.06 OK
r-devel-linux-x86_64-fedora-gcc 1.2.1.7 300.07 OK
r-devel-windows-x86_64 1.2.1.7 37.00 265.00 302.00 OK
r-devel-windows-x86_64-gcc10-UCRT 1.2.1.7 NOTE
r-patched-linux-x86_64 1.2.1.7 31.13 198.85 229.98 OK
r-patched-solaris-x86 1.2.1.7 393.90 OK
r-release-linux-x86_64 1.2.1.7 19.40 199.14 218.54 OK
r-release-macos-arm64 1.2.1.7 NOTE
r-release-macos-x86_64 1.2.1.7 NOTE
r-release-windows-ix86+x86_64 1.2.1.7 49.00 264.00 313.00 OK
r-oldrel-macos-x86_64 1.2.1.7 NOTE
r-oldrel-windows-ix86+x86_64 1.2.1.7 42.00 260.00 302.00 OK

Check Details

Version: 1.2.1.7
Check: package dependencies
Result: NOTE
    Package suggested but not available for checking: 'Heatplus'
Flavors: r-devel-windows-x86_64-gcc10-UCRT, r-release-macos-arm64, r-release-macos-x86_64, r-oldrel-macos-x86_64

Version: 1.2.1.7
Check: Rd cross-references
Result: NOTE
    Package unavailable to check Rd xrefs: 'Heatplus'
Flavors: r-devel-windows-x86_64-gcc10-UCRT, r-release-macos-arm64, r-release-macos-x86_64, r-oldrel-macos-x86_64