CRAN Package Check Results for Package RBesT

Last updated on 2022-11-28 04:54:49 CET.

Flavor Version Tinstall Tcheck Ttotal Status Flags
r-devel-linux-x86_64-debian-clang 1.6-4 145.89 270.61 416.50 NOTE
r-devel-linux-x86_64-debian-gcc 1.6-4 128.81 199.85 328.66 NOTE
r-devel-linux-x86_64-fedora-clang 1.6-4 531.05 NOTE
r-devel-linux-x86_64-fedora-gcc 1.6-4 555.67 NOTE
r-devel-windows-x86_64 1.6-4 524.00 354.00 878.00 NOTE
r-patched-linux-x86_64 1.6-4 143.73 253.72 397.45 NOTE
r-release-linux-x86_64 1.6-4 108.36 234.31 342.67 NOTE
r-release-macos-arm64 1.6-4 143.00 NOTE
r-release-macos-x86_64 1.6-4 212.00 NOTE
r-release-windows-x86_64 1.6-4 166.00 332.00 498.00 NOTE
r-oldrel-macos-arm64 1.6-4 152.00 NOTE
r-oldrel-macos-x86_64 1.6-4 208.00 NOTE
r-oldrel-windows-ix86+x86_64 1.6-4 142.00 18.00 160.00 ERROR

Check Details

Version: 1.6-4
Check: for GNU extensions in Makefiles
Result: NOTE
    GNU make is a SystemRequirements.
Flavors: r-devel-linux-x86_64-debian-clang, r-devel-linux-x86_64-debian-gcc, r-devel-linux-x86_64-fedora-clang, r-devel-linux-x86_64-fedora-gcc, r-devel-windows-x86_64, r-patched-linux-x86_64, r-release-linux-x86_64, r-release-macos-arm64, r-release-macos-x86_64, r-release-windows-x86_64, r-oldrel-macos-arm64, r-oldrel-macos-x86_64

Version: 1.6-4
Check: installed package size
Result: NOTE
     installed size is 39.6Mb
     sub-directories of 1Mb or more:
     doc 1.7Mb
     libs 37.0Mb
Flavors: r-release-macos-arm64, r-release-macos-x86_64, r-oldrel-macos-arm64, r-oldrel-macos-x86_64

Version: 1.6-4
Check: whether package can be installed
Result: ERROR
    Installation failed.
Flavor: r-oldrel-windows-ix86+x86_64