Last updated on 2023-10-01 06:53:17 CEST.
Flavor | Version | Tinstall | Tcheck | Ttotal | Status | Flags |
---|---|---|---|---|---|---|
r-devel-linux-x86_64-debian-clang | 1.7-2 | 216.80 | 589.62 | 806.42 | NOTE | |
r-devel-linux-x86_64-debian-gcc | 1.7-2 | 167.95 | 432.55 | 600.50 | NOTE | |
r-devel-linux-x86_64-fedora-clang | 1.7-2 | 999.13 | NOTE | |||
r-devel-linux-x86_64-fedora-gcc | 1.7-2 | 1059.78 | NOTE | |||
r-devel-windows-x86_64 | 1.7-2 | 170.00 | 537.00 | 707.00 | NOTE | |
r-patched-linux-x86_64 | 1.7-2 | 186.97 | 577.37 | 764.34 | NOTE | |
r-release-linux-x86_64 | 1.7-2 | 166.21 | 575.04 | 741.25 | NOTE | |
r-release-macos-arm64 | 1.7-2 | 211.00 | NOTE | |||
r-release-macos-x86_64 | 1.7-2 | 567.00 | NOTE | |||
r-release-windows-x86_64 | 1.7-2 | 220.00 | 637.00 | 857.00 | NOTE | |
r-oldrel-macos-arm64 | 1.7-2 | 200.00 | NOTE | |||
r-oldrel-macos-x86_64 | 1.7-2 | 320.00 | NOTE | |||
r-oldrel-windows-x86_64 | 1.7-2 | 213.00 | 611.00 | 824.00 | NOTE |
Version: 1.7-2
Check: for GNU extensions in Makefiles
Result: NOTE
GNU make is a SystemRequirements.
Flavors: r-devel-linux-x86_64-debian-clang, r-devel-linux-x86_64-debian-gcc, r-devel-linux-x86_64-fedora-clang, r-devel-linux-x86_64-fedora-gcc, r-devel-windows-x86_64, r-patched-linux-x86_64, r-release-linux-x86_64, r-release-macos-arm64, r-release-macos-x86_64, r-release-windows-x86_64, r-oldrel-macos-arm64, r-oldrel-macos-x86_64, r-oldrel-windows-x86_64
Version: 1.7-2
Check: installed package size
Result: NOTE
installed size is 53.1Mb
sub-directories of 1Mb or more:
doc 1.2Mb
libs 50.4Mb
Flavors: r-release-macos-arm64, r-release-macos-x86_64, r-oldrel-macos-arm64, r-oldrel-macos-x86_64