Last updated on 2022-08-12 05:52:56 CEST.
Flavor | Version | Tinstall | Tcheck | Ttotal | Status | Flags |
---|---|---|---|---|---|---|
r-devel-linux-x86_64-debian-clang | 0.1.5 | 3.22 | 33.20 | 36.42 | NOTE | |
r-devel-linux-x86_64-debian-gcc | 0.1.6 | 2.45 | 25.52 | 27.97 | OK | |
r-devel-linux-x86_64-fedora-clang | 0.1.6 | 57.08 | OK | |||
r-devel-linux-x86_64-fedora-gcc | 0.1.6 | 56.19 | OK | |||
r-devel-windows-x86_64 | 0.1.6 | 24.00 | 56.00 | 80.00 | OK | |
r-patched-linux-x86_64 | 0.1.6 | 3.29 | 31.05 | 34.34 | OK | |
r-release-linux-x86_64 | 0.1.6 | 3.07 | 31.26 | 34.33 | OK | |
r-release-macos-arm64 | 0.1.5 | 21.00 | OK | |||
r-release-macos-x86_64 | 0.1.6 | 27.00 | OK | |||
r-release-windows-x86_64 | 0.1.6 | 5.00 | 58.00 | 63.00 | OK | |
r-oldrel-macos-arm64 | 0.1.5 | 20.00 | OK | |||
r-oldrel-macos-x86_64 | 0.1.6 | 27.00 | OK | |||
r-oldrel-windows-ix86+x86_64 | 0.1.6 | 8.00 | 53.00 | 61.00 | OK |
Version: 0.1.5
Check: Rd files
Result: NOTE
checkRd: (-1) Example_Data.Rd:17: Escaped LaTeX specials: \&
checkRd: (-1) Example_Data.Rd:22: Escaped LaTeX specials: \&
checkRd: (-1) Example_Data.Rd:43: Escaped LaTeX specials: \&
checkRd: (-1) Reference_Data.Rd:41: Escaped LaTeX specials: \&
checkRd: (-1) Reference_Data.Rd:45: Escaped LaTeX specials: \&
checkRd: (-1) Reference_Data.Rd:47: Escaped LaTeX specials: \&
checkRd: (-1) Reference_Data.Rd:52: Escaped LaTeX specials: \&
checkRd: (-1) Reference_Data.Rd:55: Escaped LaTeX specials: \&
checkRd: (-1) Reference_Data.Rd:57: Escaped LaTeX specials: \&
Flavor: r-devel-linux-x86_64-debian-clang