CRAN Package Check Results for Package RColorBrewer

Last updated on 2019-11-17 05:47:21 CET.

Flavor Version Tinstall Tcheck Ttotal Status Flags
r-devel-linux-x86_64-debian-clang 1.1-2 1.99 18.75 20.74 NOTE
r-devel-linux-x86_64-debian-gcc 1.1-2 1.76 14.46 16.22 NOTE
r-devel-linux-x86_64-fedora-clang 1.1-2 25.86 NOTE
r-devel-linux-x86_64-fedora-gcc 1.1-2 25.58 NOTE
r-devel-windows-ix86+x86_64 1.1-2 8.00 27.00 35.00 NOTE
r-patched-linux-x86_64 1.1-2 1.55 17.95 19.50 NOTE
r-patched-solaris-x86 1.1-2 37.40 NOTE
r-release-linux-x86_64 1.1-2 1.54 17.88 19.42 NOTE
r-release-windows-ix86+x86_64 1.1-2 6.00 35.00 41.00 NOTE
r-release-osx-x86_64 1.1-2 NOTE
r-oldrel-windows-ix86+x86_64 1.1-2 4.00 26.00 30.00 NOTE
r-oldrel-osx-x86_64 1.1-2 NOTE

Check Details

Version: 1.1-2
Check: DESCRIPTION meta-information
Result: NOTE
    Malformed Description field: should contain one or more complete sentences.
Flavors: r-devel-linux-x86_64-debian-clang, r-devel-linux-x86_64-debian-gcc, r-devel-linux-x86_64-fedora-clang, r-devel-linux-x86_64-fedora-gcc, r-devel-windows-ix86+x86_64, r-patched-linux-x86_64, r-patched-solaris-x86, r-release-linux-x86_64, r-release-windows-ix86+x86_64, r-release-osx-x86_64, r-oldrel-windows-ix86+x86_64, r-oldrel-osx-x86_64

Version: 1.1-2
Check: R code for possible problems
Result: NOTE
    brewer.pal: no visible global function definition for 'rgb'
    display.brewer.all: no visible global function definition for 'par'
    display.brewer.all: no visible global function definition for 'plot'
    display.brewer.all: no visible global function definition for 'rect'
    display.brewer.all: no visible global function definition for 'text'
    display.brewer.pal: no visible global function definition for 'image'
    Undefined global functions or variables:
     image par plot rect rgb text
    Consider adding
     importFrom("grDevices", "rgb")
     importFrom("graphics", "image", "par", "plot", "rect", "text")
    to your NAMESPACE file.
Flavors: r-devel-linux-x86_64-debian-clang, r-devel-linux-x86_64-debian-gcc, r-devel-linux-x86_64-fedora-clang, r-devel-linux-x86_64-fedora-gcc, r-devel-windows-ix86+x86_64, r-patched-linux-x86_64, r-patched-solaris-x86, r-release-linux-x86_64, r-release-windows-ix86+x86_64, r-release-osx-x86_64, r-oldrel-windows-ix86+x86_64, r-oldrel-osx-x86_64