CRAN Package Check Results for Package RCzechia

Last updated on 2019-10-17 05:47:15 CEST.

Flavor Version Tinstall Tcheck Ttotal Status Flags
r-devel-linux-x86_64-debian-clang 1.4.2 2.70 131.67 134.37 ERROR
r-devel-linux-x86_64-debian-gcc 1.4.2 2.22 99.91 102.13 OK
r-devel-linux-x86_64-fedora-clang 1.4.2 169.69 OK
r-devel-linux-x86_64-fedora-gcc 1.4.2 162.33 OK
r-devel-windows-ix86+x86_64 1.4.2 8.00 242.00 250.00 OK
r-patched-linux-x86_64 1.4.2 2.17 132.87 135.04 OK
r-patched-solaris-x86 1.4.2 301.50 OK
r-release-linux-x86_64 1.4.2 1.82 127.67 129.49 OK
r-release-windows-ix86+x86_64 1.4.2 6.00 192.00 198.00 OK
r-release-osx-x86_64 1.4.2 OK
r-oldrel-windows-ix86+x86_64 1.4.2 3.00 198.00 201.00 OK
r-oldrel-osx-x86_64 1.4.2 OK

Check Details

Version: 1.4.2
Check: examples
Result: ERROR
    Running examples in 'RCzechia-Ex.R' failed
    The error most likely occurred in:
    
    > base::assign(".ptime", proc.time(), pos = "CheckExEnv")
    > ### Name: geocode
    > ### Title: Geocode a Czech Address
    > ### Aliases: geocode
    >
    > ### ** Examples
    >
    > <ERROR: re-encoding failure from encoding 'UTF-8'>
    asdf <- geocode("Pod sídlišt...
    + print(asdf)
    +
    +
    +
    +
    + base::assign(".dptime", (proc.time() - get(".ptime", pos = "CheckExEnv")), pos = "CheckExEnv")
    Error: unexpected symbol in:
    "
    base::assign(".dptime"
    Execution halted
Flavor: r-devel-linux-x86_64-debian-clang