CRAN Package Check Results for Package REDCapR

Last updated on 2020-07-15 05:48:18 CEST.

Flavor Version Tinstall Tcheck Ttotal Status Flags
r-devel-linux-x86_64-debian-clang 0.11.0 4.75 53.46 58.21 OK
r-devel-linux-x86_64-debian-gcc 0.11.0 3.53 42.07 45.60 OK
r-devel-linux-x86_64-fedora-clang 0.11.0 80.31 OK
r-devel-linux-x86_64-fedora-gcc 0.11.0 73.31 OK
r-devel-windows-ix86+x86_64 0.11.0 18.00 112.00 130.00 OK
r-patched-linux-x86_64 0.11.0 4.73 53.52 58.25 OK
r-patched-solaris-x86 0.11.0 97.00 OK
r-release-linux-x86_64 0.11.0 5.25 53.08 58.33 OK
r-release-macos-x86_64 0.11.0 ERROR
r-release-windows-ix86+x86_64 0.11.0 18.00 128.00 146.00 OK
r-oldrel-macos-x86_64 0.11.0 OK
r-oldrel-windows-ix86+x86_64 0.11.0 11.00 109.00 120.00 OK

Check Details

Version: 0.11.0
Check: whether package can be installed
Result: ERROR
    Installation failed.
Flavor: r-release-macos-x86_64