CRAN Package Check Results for Package REDCapR

Last updated on 2019-12-08 05:48:38 CET.

Flavor Version Tinstall Tcheck Ttotal Status Flags
r-devel-linux-x86_64-debian-clang 0.10.2 3.71 53.16 56.87 OK
r-devel-linux-x86_64-debian-gcc 0.10.2 3.41 41.75 45.16 OK
r-devel-linux-x86_64-fedora-clang 0.10.2 51.71 OK
r-devel-linux-x86_64-fedora-gcc 0.10.2 59.16 OK
r-devel-windows-ix86+x86_64 0.10.2 9.00 97.00 106.00 OK
r-devel-windows-ix86+x86_64-gcc8 0.10.2 12.00 84.00 96.00 OK
r-patched-linux-x86_64 0.10.2 3.55 48.75 52.30 OK
r-patched-solaris-x86 0.10.2 80.00 NOTE
r-release-linux-x86_64 0.10.2 3.31 49.61 52.92 OK
r-release-windows-ix86+x86_64 0.10.2 7.00 86.00 93.00 OK
r-release-osx-x86_64 0.10.2 OK
r-oldrel-windows-ix86+x86_64 0.10.2 5.00 106.00 111.00 OK
r-oldrel-osx-x86_64 0.10.2 OK

Check Details

Version: 0.10.2
Check: package dependencies
Result: NOTE
    Package suggested but not available for checking: ‘odbc’
Flavor: r-patched-solaris-x86