CRAN Package Check Results for Package REIDS

Last updated on 2019-08-19 05:46:33 CEST.

Flavor Version Tinstall Tcheck Ttotal Status Flags
r-devel-linux-x86_64-debian-clang 0.1.0 32.39 230.57 262.96 WARN
r-devel-linux-x86_64-debian-gcc 0.1.0 30.48 175.88 206.36 WARN
r-devel-linux-x86_64-fedora-clang 0.1.0 329.03 WARN
r-devel-linux-x86_64-fedora-gcc 0.1.0 312.68 WARN
r-devel-windows-ix86+x86_64 0.1.0 74.00 314.00 388.00 OK
r-patched-linux-x86_64 0.1.0 27.10 212.70 239.80 OK
r-patched-solaris-x86 0.1.0 461.10 OK
r-release-linux-x86_64 0.1.0 32.05 212.11 244.16 OK
r-release-windows-ix86+x86_64 0.1.0 56.00 202.00 258.00 OK
r-release-osx-x86_64 0.1.0 ERROR
r-oldrel-windows-ix86+x86_64 0.1.0 51.00 284.00 335.00 OK
r-oldrel-osx-x86_64 0.1.0 ERROR

Check Details

Version: 0.1.0
Check: whether package can be installed
Result: WARN
    Found the following significant warnings:
     Warning: Package 'GenomeGraphs' is deprecated and will be removed from
Flavors: r-devel-linux-x86_64-debian-clang, r-devel-linux-x86_64-debian-gcc, r-devel-linux-x86_64-fedora-clang, r-devel-linux-x86_64-fedora-gcc

Version: 0.1.0
Check: package dependencies
Result: ERROR
    Packages required but not available:
     'aroma.affymetrix', 'aroma.core', 'GenomeGraphs', 'biomaRt'
    
    See section ‘The DESCRIPTION file’ in the ‘Writing R Extensions’
    manual.
Flavor: r-release-osx-x86_64

Version: 0.1.0
Check: package dependencies
Result: ERROR
    Package required but not available: ‘GenomeGraphs’
    
    See section ‘The DESCRIPTION file’ in the ‘Writing R Extensions’
    manual.
Flavor: r-oldrel-osx-x86_64