CRAN Package Check Results for Package REST

Last updated on 2021-10-27 05:55:20 CEST.

Flavor Version Tinstall Tcheck Ttotal Status Flags
r-devel-linux-x86_64-debian-clang 1.0.1 16.95 128.68 145.63 NOTE
r-devel-linux-x86_64-debian-gcc 1.0.1 14.72 98.83 113.55 NOTE
r-devel-linux-x86_64-fedora-clang 1.0.1 197.58 NOTE
r-devel-linux-x86_64-fedora-gcc 1.0.1 180.03 NOTE
r-devel-windows-x86_64 1.0.1 25.00 154.00 179.00 NOTE
r-devel-windows-x86_64-gcc10-UCRT 1.0.1 NOTE
r-patched-linux-x86_64 1.0.1 23.09 123.68 146.77 NOTE
r-patched-solaris-x86 1.0.1 287.90 NOTE
r-release-linux-x86_64 1.0.1 17.28 121.65 138.93 NOTE
r-release-macos-arm64 1.0.1 NOTE
r-release-macos-x86_64 1.0.1 NOTE
r-release-windows-ix86+x86_64 1.0.1 25.00 146.00 171.00 NOTE
r-oldrel-macos-x86_64 1.0.1 NOTE
r-oldrel-windows-ix86+x86_64 1.0.1 40.00 153.00 193.00 NOTE

Check Details

Version: 1.0.1
Check: R code for possible problems
Result: NOTE
    GUI_template : onHelp: no visible global function definition for 'help'
    Undefined global functions or variables:
     help
    Consider adding
     importFrom("utils", "help")
    to your NAMESPACE file.
Flavors: r-devel-linux-x86_64-debian-clang, r-devel-linux-x86_64-debian-gcc, r-devel-linux-x86_64-fedora-clang, r-devel-linux-x86_64-fedora-gcc, r-devel-windows-x86_64, r-devel-windows-x86_64-gcc10-UCRT, r-patched-linux-x86_64, r-patched-solaris-x86, r-release-linux-x86_64, r-release-macos-arm64, r-release-macos-x86_64, r-release-windows-ix86+x86_64, r-oldrel-macos-x86_64, r-oldrel-windows-ix86+x86_64