CRAN Package Check Results for Package RGtk2

Last updated on 2019-10-15 05:47:57 CEST.

Flavor Version Tinstall Tcheck Ttotal Status Flags
r-devel-linux-x86_64-debian-clang 2.20.36 187.36 400.68 588.04 WARN
r-devel-linux-x86_64-debian-gcc 2.20.36 163.75 310.39 474.14 WARN
r-devel-linux-x86_64-fedora-clang 2.20.36 734.61 WARN
r-devel-linux-x86_64-fedora-gcc 2.20.36 733.43 WARN
r-devel-windows-ix86+x86_64 2.20.36 925.00 9.00 934.00 ERROR
r-patched-linux-x86_64 2.20.36 182.61 397.99 580.60 WARN
r-patched-solaris-x86 2.20.36 842.40 WARN
r-release-linux-x86_64 2.20.36 186.69 401.36 588.05 WARN
r-release-windows-ix86+x86_64 2.20.36 444.00 676.00 1120.00 NOTE
r-release-osx-x86_64 2.20.36 WARN
r-oldrel-windows-ix86+x86_64 2.20.36 560.00 576.00 1136.00 NOTE
r-oldrel-osx-x86_64 2.20.36 WARN

Additional issues

rchk

Check Details

Version: 2.20.36
Check: whether package can be installed
Result: WARN
    Found the following significant warnings:
     ./RGtk2/gobject.h:375:1: warning: 'GTimeVal' is deprecated: Use 'GDateTime' instead [-Wdeprecated-declarations]
     ./RGtk2/gobject.h:376:32: warning: 'GTimeVal' is deprecated: Use 'GDateTime' instead [-Wdeprecated-declarations]
     /usr/include/gtk-2.0/gtk/gtktypeutils.h:236:34: warning: 'GTypeDebugFlags' is deprecated [-Wdeprecated-declarations]
     /usr/include/gtk-2.0/gtk/gtktooltips.h:73:3: warning: 'GTimeVal' is deprecated: Use 'GDateTime' instead [-Wdeprecated-declarations]
     atkClasses.c:1054:25: warning: incompatible pointer types assigning to 'void (*)(AtkObject *, guint, gpointer)' (aka 'void (*)(struct _AtkObject *, unsigned int, void *)') from 'void (AtkObject *, guint, AtkObject *)' (aka 'void (struct _AtkObject *, unsigned int, struct _AtkObject *)') [-Wincompatible-pointer-types]
     atkClasses.c:1062:34: warning: incompatible pointer types assigning to 'void (*)(AtkObject *, gpointer *)' (aka 'void (*)(struct _AtkObject *, void **)') from 'void (AtkObject *, AtkObject *)' (aka 'void (struct _AtkObject *, struct _AtkObject *)') [-Wincompatible-pointer-types]
     atkClasses.c:1401:51: warning: incompatible pointer types passing 'AtkObject *' (aka 'struct _AtkObject *') to parameter of type 'gpointer *' (aka 'void **') [-Wincompatible-pointer-types]
     atkFuncs.c:230:3: warning: 'atk_component_get_position' is deprecated: Use 'atk_component_get_extents' instead [-Wdeprecated-declarations]
     atkFuncs.c:251:3: warning: 'atk_component_get_size' is deprecated: Use 'atk_component_get_extents' instead [-Wdeprecated-declarations]
     atkFuncs.c:287:3: warning: 'atk_component_remove_focus_handler' is deprecated [-Wdeprecated-declarations]
     atkFuncs.c:407:9: warning: 'atk_document_get_document_type' is deprecated [-Wdeprecated-declarations]
     atkFuncs.c:423:9: warning: 'atk_document_get_document' is deprecated [-Wdeprecated-declarations]
     atkFuncs.c:729:9: warning: 'atk_hyperlink_is_selected_link' is deprecated [-Wdeprecated-declarations]
     atkFuncs.c:1183:9: warning: 'atk_object_get_layer' is deprecated: Use 'atk_component_get_layer' instead [-Wdeprecated-declarations]
     atkFuncs.c:1199:9: warning: 'atk_object_get_mdi_zorder' is deprecated: Use 'atk_component_get_mdi_zorder' instead [-Wdeprecated-declarations]
     atkFuncs.c:1307:3: warning: 'atk_object_remove_property_change_handler' is deprecated [-Wdeprecated-declarations]
     atkFuncs.c:2164:9: warning: 'atk_table_get_index_at' is deprecated: Use 'atk_table_ref_at' instead [-Wdeprecated-declarations]
     atkFuncs.c:2181:9: warning: 'atk_table_get_column_at_index' is deprecated [-Wdeprecated-declarations]
     atkFuncs.c:2198:9: warning: 'atk_table_get_row_at_index' is deprecated [-Wdeprecated-declarations]
     atkFuncs.c:2693:9: warning: 'atk_text_get_text_after_offset' is deprecated: Use 'atk_text_get_string_at_offset' instead [-Wdeprecated-declarations]
     atkFuncs.c:2719:9: warning: 'atk_text_get_text_at_offset' is deprecated: Use 'atk_text_get_string_at_offset' instead [-Wdeprecated-declarations]
     atkFuncs.c:2745:9: warning: 'atk_text_get_text_before_offset' is deprecated: Use 'atk_text_get_string_at_offset' instead [-Wdeprecated-declarations]
     atkFuncs.c:3136:3: warning: 'atk_remove_focus_tracker' is deprecated [-Wdeprecated-declarations]
     atkFuncs.c:3150:3: warning: 'atk_focus_tracker_notify' is deprecated [-Wdeprecated-declarations]
     atkFuncs.c:3286:3: warning: 'atk_value_get_current_value' is deprecated: Use 'atk_value_get_value_and_text' instead [-Wdeprecated-declarations]
     atkFuncs.c:3306:3: warning: 'atk_value_get_maximum_value' is deprecated: Use 'atk_value_get_range' instead [-Wdeprecated-declarations]
     atkFuncs.c:3326:3: warning: 'atk_value_get_minimum_value' is deprecated: Use 'atk_value_get_range' instead [-Wdeprecated-declarations]
     atkFuncs.c:3347:9: warning: 'atk_value_set_current_value' is deprecated: Use 'atk_value_set_value' instead [-Wdeprecated-declarations]
     atkFuncs.c:3397:9: warning: 'atk_role_register' is deprecated [-Wdeprecated-declarations]
     atkFuncs.c:3481:9: warning: 'atk_document_get_locale' is deprecated: Use 'atk_object_get_object_locale' instead [-Wdeprecated-declarations]
     gdkClasses.c:2110:77: warning: 'GTimeVal' is deprecated: Use 'GDateTime' instead [-Wdeprecated-declarations]
     gdkClasses.c:2217:9: warning: 'GTimeVal' is deprecated: Use 'GDateTime' instead [-Wdeprecated-declarations]
     gdkClasses.c:2310:85: warning: 'GTimeVal' is deprecated: Use 'GDateTime' instead [-Wdeprecated-declarations]
     gdkClasses.c:2412:9: warning: 'GTimeVal' is deprecated: Use 'GDateTime' instead [-Wdeprecated-declarations]
     gdkFuncs.c:6000:36: warning: incompatible pointer types passing 'GtkWidget **' (aka 'struct _GtkWidget **') to parameter of type 'gpointer *' (aka 'void **') [-Wincompatible-pointer-types]
     gdkFuncs.c:7588:9: warning: 'gdk_pixbuf_new_from_inline' is deprecated [-Wdeprecated-declarations]
     gdkFuncs.c:8003:9: warning: 'GTimeVal' is deprecated: Use 'GDateTime' instead [-Wdeprecated-declarations]
     gdkFuncs.c:8083:9: warning: 'GTimeVal' is deprecated: Use 'GDateTime' instead [-Wdeprecated-declarations]
     gioClasses.c:1974:17: warning: incompatible pointer types assigning to 'gssize (*)(GOutputStream *, const void *, gsize, GCancellable *, GError **)' (aka 'long (*)(struct _GOutputStream *, const void *, unsigned long, struct _GCancellable *, struct _GError **)') from 'gssize (GOutputStream *, const guchar *, gsize, GCancellable *, GError **)' (aka 'long (struct _GOutputStream *, const unsigned char *, unsigned long, struct _GCancellable *, struct _GError **)') [-Wincompatible-pointer-types]
     gioClasses.c:1990:20: warning: incompatible pointer types assigning to 'void (*)(GOutputStream *, const void *, gsize, int, GCancellable *, GAsyncReadyCallback, gpointer)' (aka 'void (*)(struct _GOutputStream *, const void *, unsigned long, int, struct _GCancellable *, void (*)(struct _GObject *, struct _GAsyncResult *, void *), void *)') from 'void (GOutputStream *, const guchar *, gsize, int, GCancellable *, GAsyncReadyCallback, gpointer)' (aka 'void (struct _GOutputStream *, const unsigned char *, unsigned long, int, struct _GCancellable *, void (*)(struct _GObject *, struct _GAsyncResult *, void *), void *)') [-Wincompatible-pointer-types]
     gioFuncs.c:1844:9: warning: 'g_data_input_stream_read_until' is deprecated: Use 'g_data_input_stream_read_upto' instead [-Wdeprecated-declarations]
     gioFuncs.c:2369:3: warning: 'g_drive_eject' is deprecated: Use 'g_drive_eject_with_operation' instead [-Wdeprecated-declarations]
     gioFuncs.c:2390:9: warning: 'g_drive_eject_finish' is deprecated: Use 'g_drive_eject_with_operation_finish' instead [-Wdeprecated-declarations]
     gioFuncs.c:4654:3: warning: 'g_file_unmount_mountable' is deprecated: Use 'g_file_unmount_mountable_with_operation' instead [-Wdeprecated-declarations]
     gioFuncs.c:4675:9: warning: 'g_file_unmount_mountable_finish' is deprecated: Use 'g_file_unmount_mountable_with_operation_finish' instead [-Wdeprecated-declarations]
     gioFuncs.c:4702:3: warning: 'g_file_eject_mountable' is deprecated: Use 'g_file_eject_mountable_with_operation' instead [-Wdeprecated-declarations]
     gioFuncs.c:4723:9: warning: 'g_file_eject_mountable_finish' is deprecated: Use 'g_file_eject_mountable_with_operation_finish' instead [-Wdeprecated-declarations]
     gioFuncs.c:5906:3: warning: 'GTimeVal' is deprecated: Use 'GDateTime' instead [-Wdeprecated-declarations]
     gioFuncs.c:5909:3: warning: 'g_file_info_get_modification_time' is deprecated: Use 'g_file_info_get_modification_date_time' instead [-Wdeprecated-declarations]
     gioFuncs.c:6193:3: warning: 'GTimeVal' is deprecated: Use 'GDateTime' instead [-Wdeprecated-declarations]
     gioFuncs.c:6196:3: warning: 'g_file_info_set_modification_time' is deprecated: Use 'g_file_info_set_modification_date_time' instead [-Wdeprecated-declarations]
     gioFuncs.c:7595:3: warning: 'g_io_scheduler_cancel_all_jobs' is deprecated [-Wdeprecated-declarations]
     gioFuncs.c:7617:9: warning: 'g_io_scheduler_job_send_to_mainloop' is deprecated: Use 'g_main_context_invoke' instead [-Wdeprecated-declarations]
     gioFuncs.c:7639:3: warning: 'g_io_scheduler_job_send_to_mainloop_async' is deprecated: Use 'g_main_context_invoke' instead [-Wdeprecated-declarations]
     gioFuncs.c:8078:3: warning: 'g_mount_unmount' is deprecated: Use 'g_mount_unmount_with_operation' instead [-Wdeprecated-declarations]
     gioFuncs.c:8099:9: warning: 'g_mount_unmount_finish' is deprecated: Use 'g_mount_unmount_with_operation_finish' instead [-Wdeprecated-declarations]
     gioFuncs.c:8126:3: warning: 'g_mount_eject' is deprecated: Use 'g_mount_eject_with_operation' instead [-Wdeprecated-declarations]
     gioFuncs.c:8147:9: warning: 'g_mount_eject_finish' is deprecated: Use 'g_mount_eject_with_operation_finish' instead [-Wdeprecated-declarations]
     gioFuncs.c:9121:9: warning: 'g_simple_async_result_new' is deprecated: Use 'g_task_new' instead [-Wdeprecated-declarations]
     gioFuncs.c:9144:9: warning: 'g_simple_async_result_new_from_error' is deprecated: Use 'g_task_new' instead [-Wdeprecated-declarations]
     gioFuncs.c:9169:3: warning: 'g_simple_async_result_set_op_res_gpointer' is deprecated [-Wdeprecated-declarations]
     gioFuncs.c:9188:9: warning: 'g_simple_async_result_get_op_res_gpointer' is deprecated [-Wdeprecated-declarations]
     gioFuncs.c:9208:3: warning: 'g_simple_async_result_set_op_res_gssize' is deprecated [-Wdeprecated-declarations]
     gioFuncs.c:9227:9: warning: 'g_simple_async_result_get_op_res_gssize' is deprecated [-Wdeprecated-declarations]
     gioFuncs.c:9247:3: warning: 'g_simple_async_result_set_op_res_gboolean' is deprecated [-Wdeprecated-declarations]
     gioFuncs.c:9266:9: warning: 'g_simple_async_result_get_op_res_gboolean' is deprecated [-Wdeprecated-declarations]
     gioFuncs.c:9286:9: warning: 'g_simple_async_result_get_source_tag' is deprecated [-Wdeprecated-declarations]
     gioFuncs.c:9306:3: warning: 'g_simple_async_result_set_handle_cancellation' is deprecated [-Wdeprecated-declarations]
     gioFuncs.c:9324:3: warning: 'g_simple_async_result_complete' is deprecated [-Wdeprecated-declarations]
     gioFuncs.c:9342:3: warning: 'g_simple_async_result_complete_in_idle' is deprecated [-Wdeprecated-declarations]
     gioFuncs.c:9361:3: warning: 'g_simple_async_result_set_from_error' is deprecated [-Wdeprecated-declarations]
     gioFuncs.c:9385:9: warning: 'g_simple_async_result_propagate_error' is deprecated [-Wdeprecated-declarations]
     gioFuncs.c:9411:3: warning: 'g_simple_async_report_gerror_in_idle' is deprecated: Use 'g_task_report_error' instead [-Wdeprecated-declarations]
     gioFuncs.c:9947:3: warning: 'g_volume_eject' is deprecated: Use 'g_volume_eject_with_operation' instead [-Wdeprecated-declarations]
     gioFuncs.c:9968:9: warning: 'g_volume_eject_finish' is deprecated: Use 'g_volume_eject_with_operation_finish' instead [-Wdeprecated-declarations]
     gioFuncs.c:10135:9: warning: 'g_volume_monitor_adopt_orphan_mount' is deprecated [-Wdeprecated-declarations]
     gioFuncs.c:10972:3: warning: 'g_data_input_stream_read_until_async' is deprecated: Use 'g_data_input_stream_read_upto_async' instead [-Wdeprecated-declarations]
     gioFuncs.c:10994:9: warning: 'g_data_input_stream_read_until_finish' is deprecated: Use 'g_data_input_stream_read_upto_finish' instead [-Wdeprecated-declarations]
     gioManuals.c:151:9: warning: 'g_simple_async_result_new_error' is deprecated: Use 'g_task_new' instead [-Wdeprecated-declarations]
     gioManuals.c:173:3: warning: 'g_simple_async_result_set_error' is deprecated [-Wdeprecated-declarations]
     gioManuals.c:199:3: warning: 'g_simple_async_report_error_in_idle' is deprecated: Use 'g_task_report_error' instead [-Wdeprecated-declarations]
     gioManuals.c:229:3: warning: 'GParameter' is deprecated [-Wdeprecated-declarations]
     gioManuals.c:229:31: warning: 'GParameter' is deprecated [-Wdeprecated-declarations]
     gioManuals.c:239:3: warning: 'g_async_initable_newv_async' is deprecated: Use 'g_object_new_with_properties and g_async_initable_init_async' instead [-Wdeprecated-declarations]
     gioManuals.c:265:3: warning: 'GParameter' is deprecated [-Wdeprecated-declarations]
     gioManuals.c:265:31: warning: 'GParameter' is deprecated [-Wdeprecated-declarations]
     gioManuals.c:274:9: warning: 'g_initable_newv' is deprecated: Use 'g_object_new_with_properties and g_initable_init' instead [-Wdeprecated-declarations]
     glib.c:5:1: warning: 'GTimeVal' is deprecated: Use 'GDateTime' instead [-Wdeprecated-declarations]
     glib.c:8:5: warning: 'GTimeVal' is deprecated: Use 'GDateTime' instead [-Wdeprecated-declarations]
     glib.c:8:26: warning: 'GTimeVal' is deprecated: Use 'GDateTime' instead [-Wdeprecated-declarations]
     glib.c:8:54: warning: 'GTimeVal' is deprecated: Use 'GDateTime' instead [-Wdeprecated-declarations]
     glib.c:15:19: warning: 'GTimeVal' is deprecated: Use 'GDateTime' instead [-Wdeprecated-declarations]
     gobject.c:341:2: warning: 'GParameter' is deprecated [-Wdeprecated-declarations]
     gobject.c:341:30: warning: 'GParameter' is deprecated [-Wdeprecated-declarations]
     gobject.c:352:8: warning: 'g_object_newv' is deprecated: Use 'g_object_new_with_properties' instead [-Wdeprecated-declarations]
     gobject.c:366:59: warning: 'GParameter' is deprecated [-Wdeprecated-declarations]
     gobject.c:406:9: warning: 'GParameter' is deprecated [-Wdeprecated-declarations]
     gobject.c:407:34: warning: 'GParameter' is deprecated [-Wdeprecated-declarations]
     gobject.c:412:15: warning: 'g_object_newv' is deprecated: Use 'g_object_new_with_properties' instead [-Wdeprecated-declarations]
     gobject.c:416:18: warning: 'g_object_newv' is deprecated: Use 'g_object_new_with_properties' instead [-Wdeprecated-declarations]
     gtkClasses.c:8831:28: warning: incompatible pointer types assigning to 'gboolean (*)(GtkNotebook *, gint)' (aka 'int (*)(struct _GtkNotebook *, int)') from 'void (GtkNotebook *, gint)' (aka 'void (struct _GtkNotebook *, int)') [-Wincompatible-pointer-types]
     gtkClasses.c:11314:21: warning: incompatible pointer types assigning to 'gboolean (*)(GtkScrolledWindow *, GtkScrollType, gboolean)' (aka 'int (*)(struct _GtkScrolledWindow *, GtkScrollType, int)') from 'void (GtkScrolledWindow *, GtkScrollType, gboolean)' (aka 'void (struct _GtkScrolledWindow *, GtkScrollType, int)') [-Wincompatible-pointer-types]
     pangoFuncs.c:890:9: warning: 'pango_cairo_font_map_create_context' is deprecated: Use 'pango_font_map_create_context' instead [-Wdeprecated-declarations]
     pangoFuncs.c:1159:9: warning: 'pango_get_mirror_char' is deprecated: Use 'g_unichar_get_mirror_char' instead [-Wdeprecated-declarations]
Flavor: r-devel-linux-x86_64-debian-clang

Version: 2.20.36
Check: top-level files
Result: NOTE
    Found a 'configure.in' file: 'configure.ac' has long been preferred.
     Output from running autoreconf:
     aclocal: warning: autoconf input should be named 'configure.ac', not 'configure.in'
Flavors: r-devel-linux-x86_64-debian-clang, r-devel-linux-x86_64-debian-gcc, r-devel-linux-x86_64-fedora-clang, r-devel-linux-x86_64-fedora-gcc, r-patched-linux-x86_64, r-release-linux-x86_64

Version: 2.20.36
Check: compiled code
Result: NOTE
    File 'RGtk2/libs/RGtk2.so':
     Found non-API calls to R: 'R_CStackLimit', 'R_new_custom_connection',
     'Rf_EncodeInteger', 'Rf_EncodeLogical', 'Rf_EncodeReal',
     'Rf_formatInteger', 'Rf_formatLogical', 'Rf_formatReal'
    
    Compiled code should not call non-API entry points in R.
    
    See 'Writing portable packages' in the 'Writing R Extensions' manual.
Flavors: r-devel-linux-x86_64-debian-clang, r-devel-linux-x86_64-debian-gcc, r-patched-linux-x86_64, r-patched-solaris-x86, r-release-linux-x86_64, r-release-osx-x86_64, r-oldrel-osx-x86_64

Version: 2.20.36
Check: whether package can be installed
Result: WARN
    Found the following significant warnings:
     ./RGtk2/gobject.h:375:1: warning: ‘GTimeVal’ is deprecated: Use 'GDateTime' instead [-Wdeprecated-declarations]
     ./RGtk2/gobject.h:376:1: warning: ‘GTimeVal’ is deprecated: Use 'GDateTime' instead [-Wdeprecated-declarations]
     /usr/include/gtk-2.0/gtk/gtktypeutils.h:236:1: warning: ‘GTypeDebugFlags’ is deprecated [-Wdeprecated-declarations]
     /usr/include/gtk-2.0/gtk/gtktooltips.h:73:3: warning: ‘GTimeVal’ is deprecated: Use 'GDateTime' instead [-Wdeprecated-declarations]
     atkClasses.c:1054:25: warning: assignment to ‘void (*)(AtkObject *, guint, void *)’ {aka ‘void (*)(struct _AtkObject *, unsigned int, void *)’} from incompatible pointer type ‘void (*)(AtkObject *, guint, AtkObject *)’ {aka ‘void (*)(struct _AtkObject *, unsigned int, struct _AtkObject *)’} [-Wincompatible-pointer-types]
     atkClasses.c:1062:34: warning: assignment to ‘void (*)(AtkObject *, void **)’ {aka ‘void (*)(struct _AtkObject *, void **)’} from incompatible pointer type ‘void (*)(AtkObject *, AtkObject *)’ {aka ‘void (*)(struct _AtkObject *, struct _AtkObject *)’} [-Wincompatible-pointer-types]
     atkClasses.c:1401:51: warning: passing argument 2 of ‘object_class->active_descendant_changed’ from incompatible pointer type [-Wincompatible-pointer-types]
     atkFuncs.c:230:3: warning: ‘atk_component_get_position’ is deprecated: Use 'atk_component_get_extents' instead [-Wdeprecated-declarations]
     atkFuncs.c:251:3: warning: ‘atk_component_get_size’ is deprecated: Use 'atk_component_get_extents' instead [-Wdeprecated-declarations]
     atkFuncs.c:287:3: warning: ‘atk_component_remove_focus_handler’ is deprecated [-Wdeprecated-declarations]
     atkFuncs.c:407:3: warning: ‘atk_document_get_document_type’ is deprecated [-Wdeprecated-declarations]
     atkFuncs.c:423:3: warning: ‘atk_document_get_document’ is deprecated [-Wdeprecated-declarations]
     atkFuncs.c:729:3: warning: ‘atk_hyperlink_is_selected_link’ is deprecated [-Wdeprecated-declarations]
     atkFuncs.c:1183:3: warning: ‘atk_object_get_layer’ is deprecated: Use 'atk_component_get_layer' instead [-Wdeprecated-declarations]
     atkFuncs.c:1199:3: warning: ‘atk_object_get_mdi_zorder’ is deprecated: Use 'atk_component_get_mdi_zorder' instead [-Wdeprecated-declarations]
     atkFuncs.c:1307:3: warning: ‘atk_object_remove_property_change_handler’ is deprecated [-Wdeprecated-declarations]
     atkFuncs.c:2164:3: warning: ‘atk_table_get_index_at’ is deprecated: Use 'atk_table_ref_at' instead [-Wdeprecated-declarations]
     atkFuncs.c:2181:3: warning: ‘atk_table_get_column_at_index’ is deprecated [-Wdeprecated-declarations]
     atkFuncs.c:2198:3: warning: ‘atk_table_get_row_at_index’ is deprecated [-Wdeprecated-declarations]
     atkFuncs.c:2693:3: warning: ‘atk_text_get_text_after_offset’ is deprecated: Use 'atk_text_get_string_at_offset' instead [-Wdeprecated-declarations]
     atkFuncs.c:2719:3: warning: ‘atk_text_get_text_at_offset’ is deprecated: Use 'atk_text_get_string_at_offset' instead [-Wdeprecated-declarations]
     atkFuncs.c:2745:3: warning: ‘atk_text_get_text_before_offset’ is deprecated: Use 'atk_text_get_string_at_offset' instead [-Wdeprecated-declarations]
     atkFuncs.c:3136:3: warning: ‘atk_remove_focus_tracker’ is deprecated [-Wdeprecated-declarations]
     atkFuncs.c:3150:3: warning: ‘atk_focus_tracker_notify’ is deprecated [-Wdeprecated-declarations]
     atkFuncs.c:3286:3: warning: ‘atk_value_get_current_value’ is deprecated: Use 'atk_value_get_value_and_text' instead [-Wdeprecated-declarations]
     atkFuncs.c:3306:3: warning: ‘atk_value_get_maximum_value’ is deprecated: Use 'atk_value_get_range' instead [-Wdeprecated-declarations]
     atkFuncs.c:3326:3: warning: ‘atk_value_get_minimum_value’ is deprecated: Use 'atk_value_get_range' instead [-Wdeprecated-declarations]
     atkFuncs.c:3347:3: warning: ‘atk_value_set_current_value’ is deprecated: Use 'atk_value_set_value' instead [-Wdeprecated-declarations]
     atkFuncs.c:3397:3: warning: ‘atk_role_register’ is deprecated [-Wdeprecated-declarations]
     atkFuncs.c:3481:3: warning: ‘atk_document_get_locale’ is deprecated: Use 'atk_object_get_object_locale' instead [-Wdeprecated-declarations]
     RGtk2/gobject.h:375:1: warning: ‘GTimeVal’ is deprecated: Use 'GDateTime' instead [-Wdeprecated-declarations]
     RGtk2/gobject.h:376:1: warning: ‘GTimeVal’ is deprecated: Use 'GDateTime' instead [-Wdeprecated-declarations]
     gdkClasses.c:2110:1: warning: ‘GTimeVal’ is deprecated: Use 'GDateTime' instead [-Wdeprecated-declarations]
     gdkClasses.c:2217:3: warning: ‘GTimeVal’ is deprecated: Use 'GDateTime' instead [-Wdeprecated-declarations]
     gdkClasses.c:2310:1: warning: ‘GTimeVal’ is deprecated: Use 'GDateTime' instead [-Wdeprecated-declarations]
     gdkClasses.c:2412:3: warning: ‘GTimeVal’ is deprecated: Use 'GDateTime' instead [-Wdeprecated-declarations]
     gdkFuncs.c:6000:36: warning: passing argument 2 of ‘gdk_window_get_user_data’ from incompatible pointer type [-Wincompatible-pointer-types]
     gdkFuncs.c:7588:3: warning: ‘gdk_pixbuf_new_from_inline’ is deprecated [-Wdeprecated-declarations]
     gdkFuncs.c:8003:3: warning: ‘GTimeVal’ is deprecated: Use 'GDateTime' instead [-Wdeprecated-declarations]
     gdkFuncs.c:8083:3: warning: ‘GTimeVal’ is deprecated: Use 'GDateTime' instead [-Wdeprecated-declarations]
     gioClasses.c:1974:17: warning: assignment to ‘gssize (*)(GOutputStream *, const void *, gsize, GCancellable *, GError **)’ {aka ‘long int (*)(struct _GOutputStream *, const void *, long unsigned int, struct _GCancellable *, struct _GError **)’} from incompatible pointer type ‘gssize (*)(GOutputStream *, const guchar *, gsize, GCancellable *, GError **)’ {aka ‘long int (*)(struct _GOutputStream *, const unsigned char *, long unsigned int, struct _GCancellable *, struct _GError **)’} [-Wincompatible-pointer-types]
     gioClasses.c:1990:20: warning: assignment to ‘void (*)(GOutputStream *, const void *, gsize, int, GCancellable *, void (*)(GObject *, GAsyncResult *, void *), void *)’ {aka ‘void (*)(struct _GOutputStream *, const void *, long unsigned int, int, struct _GCancellable *, void (*)(struct _GObject *, struct _GAsyncResult *, void *), void *)’} from incompatible pointer type ‘void (*)(GOutputStream *, const guchar *, gsize, int, GCancellable *, void (*)(GObject *, GAsyncResult *, void *), void *)’ {aka ‘void (*)(struct _GOutputStream *, const unsigned char *, long unsigned int, int, struct _GCancellable *, void (*)(struct _GObject *, struct _GAsyncResult *, void *), void *)’} [-Wincompatible-pointer-types]
     gioFuncs.c:1844:3: warning: ‘g_data_input_stream_read_until’ is deprecated: Use 'g_data_input_stream_read_upto' instead [-Wdeprecated-declarations]
     gioFuncs.c:2369:3: warning: ‘g_drive_eject’ is deprecated: Use 'g_drive_eject_with_operation' instead [-Wdeprecated-declarations]
     gioFuncs.c:2390:3: warning: ‘g_drive_eject_finish’ is deprecated: Use 'g_drive_eject_with_operation_finish' instead [-Wdeprecated-declarations]
     gioFuncs.c:4654:3: warning: ‘g_file_unmount_mountable’ is deprecated: Use 'g_file_unmount_mountable_with_operation' instead [-Wdeprecated-declarations]
     gioFuncs.c:4675:3: warning: ‘g_file_unmount_mountable_finish’ is deprecated: Use 'g_file_unmount_mountable_with_operation_finish' instead [-Wdeprecated-declarations]
     gioFuncs.c:4702:3: warning: ‘g_file_eject_mountable’ is deprecated: Use 'g_file_eject_mountable_with_operation' instead [-Wdeprecated-declarations]
     gioFuncs.c:4723:3: warning: ‘g_file_eject_mountable_finish’ is deprecated: Use 'g_file_eject_mountable_with_operation_finish' instead [-Wdeprecated-declarations]
     gioFuncs.c:5906:3: warning: ‘GTimeVal’ is deprecated: Use 'GDateTime' instead [-Wdeprecated-declarations]
     gioFuncs.c:5909:3: warning: ‘g_file_info_get_modification_time’ is deprecated: Use 'g_file_info_get_modification_date_time' instead [-Wdeprecated-declarations]
     gioFuncs.c:6193:3: warning: ‘GTimeVal’ is deprecated: Use 'GDateTime' instead [-Wdeprecated-declarations]
     gioFuncs.c:6196:3: warning: ‘g_file_info_set_modification_time’ is deprecated: Use 'g_file_info_set_modification_date_time' instead [-Wdeprecated-declarations]
     gioFuncs.c:7595:3: warning: ‘g_io_scheduler_cancel_all_jobs’ is deprecated [-Wdeprecated-declarations]
     gioFuncs.c:7617:3: warning: ‘g_io_scheduler_job_send_to_mainloop’ is deprecated: Use 'g_main_context_invoke' instead [-Wdeprecated-declarations]
     gioFuncs.c:7639:3: warning: ‘g_io_scheduler_job_send_to_mainloop_async’ is deprecated: Use 'g_main_context_invoke' instead [-Wdeprecated-declarations]
     gioFuncs.c:8078:3: warning: ‘g_mount_unmount’ is deprecated: Use 'g_mount_unmount_with_operation' instead [-Wdeprecated-declarations]
     gioFuncs.c:8099:3: warning: ‘g_mount_unmount_finish’ is deprecated: Use 'g_mount_unmount_with_operation_finish' instead [-Wdeprecated-declarations]
     gioFuncs.c:8126:3: warning: ‘g_mount_eject’ is deprecated: Use 'g_mount_eject_with_operation' instead [-Wdeprecated-declarations]
     gioFuncs.c:8147:3: warning: ‘g_mount_eject_finish’ is deprecated: Use 'g_mount_eject_with_operation_finish' instead [-Wdeprecated-declarations]
     gioFuncs.c:9121:3: warning: ‘g_simple_async_result_new’ is deprecated: Use 'g_task_new' instead [-Wdeprecated-declarations]
     gioFuncs.c:9144:3: warning: ‘g_simple_async_result_new_from_error’ is deprecated: Use 'g_task_new' instead [-Wdeprecated-declarations]
     gioFuncs.c:9169:3: warning: ‘g_simple_async_result_set_op_res_gpointer’ is deprecated [-Wdeprecated-declarations]
     gioFuncs.c:9188:3: warning: ‘g_simple_async_result_get_op_res_gpointer’ is deprecated [-Wdeprecated-declarations]
     gioFuncs.c:9208:3: warning: ‘g_simple_async_result_set_op_res_gssize’ is deprecated [-Wdeprecated-declarations]
     gioFuncs.c:9227:3: warning: ‘g_simple_async_result_get_op_res_gssize’ is deprecated [-Wdeprecated-declarations]
     gioFuncs.c:9247:3: warning: ‘g_simple_async_result_set_op_res_gboolean’ is deprecated [-Wdeprecated-declarations]
     gioFuncs.c:9266:3: warning: ‘g_simple_async_result_get_op_res_gboolean’ is deprecated [-Wdeprecated-declarations]
     gioFuncs.c:9286:3: warning: ‘g_simple_async_result_get_source_tag’ is deprecated [-Wdeprecated-declarations]
     gioFuncs.c:9306:3: warning: ‘g_simple_async_result_set_handle_cancellation’ is deprecated [-Wdeprecated-declarations]
     gioFuncs.c:9324:3: warning: ‘g_simple_async_result_complete’ is deprecated [-Wdeprecated-declarations]
     gioFuncs.c:9342:3: warning: ‘g_simple_async_result_complete_in_idle’ is deprecated [-Wdeprecated-declarations]
     gioFuncs.c:9361:3: warning: ‘g_simple_async_result_set_from_error’ is deprecated [-Wdeprecated-declarations]
     gioFuncs.c:9385:3: warning: ‘g_simple_async_result_propagate_error’ is deprecated [-Wdeprecated-declarations]
     gioFuncs.c:9411:3: warning: ‘g_simple_async_report_gerror_in_idle’ is deprecated: Use 'g_task_report_error' instead [-Wdeprecated-declarations]
     gioFuncs.c:9947:3: warning: ‘g_volume_eject’ is deprecated: Use 'g_volume_eject_with_operation' instead [-Wdeprecated-declarations]
     gioFuncs.c:9968:3: warning: ‘g_volume_eject_finish’ is deprecated: Use 'g_volume_eject_with_operation_finish' instead [-Wdeprecated-declarations]
     gioFuncs.c:10135:3: warning: ‘g_volume_monitor_adopt_orphan_mount’ is deprecated [-Wdeprecated-declarations]
     gioFuncs.c:10972:3: warning: ‘g_data_input_stream_read_until_async’ is deprecated: Use 'g_data_input_stream_read_upto_async' instead [-Wdeprecated-declarations]
     gioFuncs.c:10994:3: warning: ‘g_data_input_stream_read_until_finish’ is deprecated: Use 'g_data_input_stream_read_upto_finish' instead [-Wdeprecated-declarations]
     gioManuals.c:151:3: warning: ‘g_simple_async_result_new_error’ is deprecated: Use 'g_task_new' instead [-Wdeprecated-declarations]
     gioManuals.c:173:3: warning: ‘g_simple_async_result_set_error’ is deprecated [-Wdeprecated-declarations]
     gioManuals.c:199:3: warning: ‘g_simple_async_report_error_in_idle’ is deprecated: Use 'g_task_report_error' instead [-Wdeprecated-declarations]
     gioManuals.c:229:3: warning: ‘GParameter’ is deprecated [-Wdeprecated-declarations]
     gioManuals.c:239:3: warning: ‘g_async_initable_newv_async’ is deprecated: Use 'g_object_new_with_properties and g_async_initable_init_async' instead [-Wdeprecated-declarations]
     gioManuals.c:265:3: warning: ‘GParameter’ is deprecated [-Wdeprecated-declarations]
     gioManuals.c:274:3: warning: ‘g_initable_newv’ is deprecated: Use 'g_object_new_with_properties and g_initable_init' instead [-Wdeprecated-declarations]
     glib.c:7:1: warning: ‘GTimeVal’ is deprecated: Use 'GDateTime' instead [-Wdeprecated-declarations]
     glib.c:8:5: warning: ‘GTimeVal’ is deprecated: Use 'GDateTime' instead [-Wdeprecated-declarations]
     glib.c:15:1: warning: ‘GTimeVal’ is deprecated: Use 'GDateTime' instead [-Wdeprecated-declarations]
     gobject.c:341:2: warning: ‘GParameter’ is deprecated [-Wdeprecated-declarations]
     gobject.c:352:2: warning: ‘g_object_newv’ is deprecated: Use 'g_object_new_with_properties' instead [-Wdeprecated-declarations]
     gobject.c:366:1: warning: ‘GParameter’ is deprecated [-Wdeprecated-declarations]
     gobject.c:406:9: warning: ‘GParameter’ is deprecated [-Wdeprecated-declarations]
     gobject.c:407:9: warning: ‘GParameter’ is deprecated [-Wdeprecated-declarations]
     gobject.c:412:9: warning: ‘g_object_newv’ is deprecated: Use 'g_object_new_with_properties' instead [-Wdeprecated-declarations]
     gobject.c:416:5: warning: ‘g_object_newv’ is deprecated: Use 'g_object_new_with_properties' instead [-Wdeprecated-declarations]
     gtkClasses.c:8831:28: warning: assignment to ‘gboolean (*)(GtkNotebook *, gint)’ {aka ‘int (*)(struct _GtkNotebook *, int)’} from incompatible pointer type ‘void (*)(GtkNotebook *, gint)’ {aka ‘void (*)(struct _GtkNotebook *, int)’} [-Wincompatible-pointer-types]
     gtkClasses.c:11314:21: warning: assignment to ‘gboolean (*)(GtkScrolledWindow *, GtkScrollType, gboolean)’ {aka ‘int (*)(struct _GtkScrolledWindow *, enum <anonymous>, int)’} from incompatible pointer type ‘void (*)(GtkScrolledWindow *, GtkScrollType, gboolean)’ {aka ‘void (*)(struct _GtkScrolledWindow *, enum <anonymous>, int)’} [-Wincompatible-pointer-types]
     pangoFuncs.c:890:3: warning: ‘pango_cairo_font_map_create_context’ is deprecated: Use 'pango_font_map_create_context' instead [-Wdeprecated-declarations]
     pangoFuncs.c:1159:3: warning: ‘pango_get_mirror_char’ is deprecated: Use 'g_unichar_get_mirror_char' instead [-Wdeprecated-declarations]
Flavor: r-devel-linux-x86_64-debian-gcc

Version: 2.20.36
Check: whether package can be installed
Result: WARN
    Found the following significant warnings:
     atkClasses.c:1054:25: warning: incompatible pointer types assigning to 'void (*)(AtkObject *, guint, gpointer)' (aka 'void (*)(struct _AtkObject *, unsigned int, void *)') from 'void (AtkObject *, guint, AtkObject *)' (aka 'void (struct _AtkObject *, unsigned int, struct _AtkObject *)') [-Wincompatible-pointer-types]
     atkClasses.c:1062:34: warning: incompatible pointer types assigning to 'void (*)(AtkObject *, gpointer *)' (aka 'void (*)(struct _AtkObject *, void **)') from 'void (AtkObject *, AtkObject *)' (aka 'void (struct _AtkObject *, struct _AtkObject *)') [-Wincompatible-pointer-types]
     atkClasses.c:1401:51: warning: incompatible pointer types passing 'AtkObject *' (aka 'struct _AtkObject *') to parameter of type 'gpointer *' (aka 'void **') [-Wincompatible-pointer-types]
     atkFuncs.c:230:3: warning: 'atk_component_get_position' is deprecated [-Wdeprecated-declarations]
     atkFuncs.c:251:3: warning: 'atk_component_get_size' is deprecated [-Wdeprecated-declarations]
     atkFuncs.c:287:3: warning: 'atk_component_remove_focus_handler' is deprecated [-Wdeprecated-declarations]
     atkFuncs.c:407:9: warning: 'atk_document_get_document_type' is deprecated [-Wdeprecated-declarations]
     atkFuncs.c:423:9: warning: 'atk_document_get_document' is deprecated [-Wdeprecated-declarations]
     atkFuncs.c:729:9: warning: 'atk_hyperlink_is_selected_link' is deprecated [-Wdeprecated-declarations]
     atkFuncs.c:1183:9: warning: 'atk_object_get_layer' is deprecated [-Wdeprecated-declarations]
     atkFuncs.c:1199:9: warning: 'atk_object_get_mdi_zorder' is deprecated [-Wdeprecated-declarations]
     atkFuncs.c:1307:3: warning: 'atk_object_remove_property_change_handler' is deprecated [-Wdeprecated-declarations]
     atkFuncs.c:2164:9: warning: 'atk_table_get_index_at' is deprecated [-Wdeprecated-declarations]
     atkFuncs.c:2181:9: warning: 'atk_table_get_column_at_index' is deprecated [-Wdeprecated-declarations]
     atkFuncs.c:2198:9: warning: 'atk_table_get_row_at_index' is deprecated [-Wdeprecated-declarations]
     atkFuncs.c:2693:9: warning: 'atk_text_get_text_after_offset' is deprecated [-Wdeprecated-declarations]
     atkFuncs.c:2719:9: warning: 'atk_text_get_text_at_offset' is deprecated [-Wdeprecated-declarations]
     atkFuncs.c:2745:9: warning: 'atk_text_get_text_before_offset' is deprecated [-Wdeprecated-declarations]
     atkFuncs.c:3136:3: warning: 'atk_remove_focus_tracker' is deprecated [-Wdeprecated-declarations]
     atkFuncs.c:3150:3: warning: 'atk_focus_tracker_notify' is deprecated [-Wdeprecated-declarations]
     atkFuncs.c:3286:3: warning: 'atk_value_get_current_value' is deprecated [-Wdeprecated-declarations]
     atkFuncs.c:3306:3: warning: 'atk_value_get_maximum_value' is deprecated [-Wdeprecated-declarations]
     atkFuncs.c:3326:3: warning: 'atk_value_get_minimum_value' is deprecated [-Wdeprecated-declarations]
     atkFuncs.c:3347:9: warning: 'atk_value_set_current_value' is deprecated [-Wdeprecated-declarations]
     atkFuncs.c:3397:9: warning: 'atk_role_register' is deprecated [-Wdeprecated-declarations]
     atkFuncs.c:3481:9: warning: 'atk_document_get_locale' is deprecated [-Wdeprecated-declarations]
     gdkFuncs.c:6000:36: warning: incompatible pointer types passing 'GtkWidget **' (aka 'struct _GtkWidget **') to parameter of type 'gpointer *' (aka 'void **') [-Wincompatible-pointer-types]
     gdkFuncs.c:7588:9: warning: 'gdk_pixbuf_new_from_inline' is deprecated [-Wdeprecated-declarations]
     gioClasses.c:1974:17: warning: incompatible pointer types assigning to 'gssize (*)(GOutputStream *, const void *, gsize, GCancellable *, GError **)' (aka 'long (*)(struct _GOutputStream *, const void *, unsigned long, struct _GCancellable *, struct _GError **)') from 'gssize (GOutputStream *, const guchar *, gsize, GCancellable *, GError **)' (aka 'long (struct _GOutputStream *, const unsigned char *, unsigned long, struct _GCancellable *, struct _GError **)') [-Wincompatible-pointer-types]
     gioClasses.c:1990:20: warning: incompatible pointer types assigning to 'void (*)(GOutputStream *, const void *, gsize, int, GCancellable *, GAsyncReadyCallback, gpointer)' (aka 'void (*)(struct _GOutputStream *, const void *, unsigned long, int, struct _GCancellable *, void (*)(struct _GObject *, struct _GAsyncResult *, void *), void *)') from 'void (GOutputStream *, const guchar *, gsize, int, GCancellable *, GAsyncReadyCallback, gpointer)' (aka 'void (struct _GOutputStream *, const unsigned char *, unsigned long, int, struct _GCancellable *, void (*)(struct _GObject *, struct _GAsyncResult *, void *), void *)') [-Wincompatible-pointer-types]
     gioFuncs.c:1844:9: warning: 'g_data_input_stream_read_until' is deprecated [-Wdeprecated-declarations]
     gioFuncs.c:2369:3: warning: 'g_drive_eject' is deprecated [-Wdeprecated-declarations]
     gioFuncs.c:2390:9: warning: 'g_drive_eject_finish' is deprecated [-Wdeprecated-declarations]
     gioFuncs.c:4654:3: warning: 'g_file_unmount_mountable' is deprecated [-Wdeprecated-declarations]
     gioFuncs.c:4675:9: warning: 'g_file_unmount_mountable_finish' is deprecated [-Wdeprecated-declarations]
     gioFuncs.c:4702:3: warning: 'g_file_eject_mountable' is deprecated [-Wdeprecated-declarations]
     gioFuncs.c:4723:9: warning: 'g_file_eject_mountable_finish' is deprecated [-Wdeprecated-declarations]
     gioFuncs.c:7595:3: warning: 'g_io_scheduler_cancel_all_jobs' is deprecated [-Wdeprecated-declarations]
     gioFuncs.c:7617:9: warning: 'g_io_scheduler_job_send_to_mainloop' is deprecated [-Wdeprecated-declarations]
     gioFuncs.c:7639:3: warning: 'g_io_scheduler_job_send_to_mainloop_async' is deprecated [-Wdeprecated-declarations]
     gioFuncs.c:8078:3: warning: 'g_mount_unmount' is deprecated [-Wdeprecated-declarations]
     gioFuncs.c:8099:9: warning: 'g_mount_unmount_finish' is deprecated [-Wdeprecated-declarations]
     gioManuals.c:151:9: warning: 'g_simple_async_result_new_error' is deprecated [-Wdeprecated-declarations]
     gioFuncs.c:8147:9: warning: 'g_mount_eject_finish' is deprecated [-Wdeprecated-declarations]
     gioManuals.c:173:3: warning: 'g_simple_async_result_set_error' is deprecated [-Wdeprecated-declarations]
     gioManuals.c:199:3: warning: 'g_simple_async_report_error_in_idle' is deprecated [-Wdeprecated-declarations]
     gioManuals.c:239:3: warning: 'g_async_initable_newv_async' is deprecated [-Wdeprecated-declarations]
     gioManuals.c:274:9: warning: 'g_initable_newv' is deprecated [-Wdeprecated-declarations]
     gioFuncs.c:9121:9: warning: 'g_simple_async_result_new' is deprecated [-Wdeprecated-declarations]
     gioFuncs.c:9144:9: warning: 'g_simple_async_result_new_from_error' is deprecated [-Wdeprecated-declarations]
     gioFuncs.c:9169:3: warning: 'g_simple_async_result_set_op_res_gpointer' is deprecated [-Wdeprecated-declarations]
     gioFuncs.c:9188:9: warning: 'g_simple_async_result_get_op_res_gpointer' is deprecated [-Wdeprecated-declarations]
     gioFuncs.c:9208:3: warning: 'g_simple_async_result_set_op_res_gssize' is deprecated [-Wdeprecated-declarations]
     gioFuncs.c:9227:9: warning: 'g_simple_async_result_get_op_res_gssize' is deprecated [-Wdeprecated-declarations]
     gioFuncs.c:9247:3: warning: 'g_simple_async_result_set_op_res_gboolean' is deprecated [-Wdeprecated-declarations]
     gioFuncs.c:9266:9: warning: 'g_simple_async_result_get_op_res_gboolean' is deprecated [-Wdeprecated-declarations]
     gioFuncs.c:9286:9: warning: 'g_simple_async_result_get_source_tag' is deprecated [-Wdeprecated-declarations]
     gioFuncs.c:9306:3: warning: 'g_simple_async_result_set_handle_cancellation' is deprecated [-Wdeprecated-declarations]
     gioFuncs.c:9324:3: warning: 'g_simple_async_result_complete' is deprecated [-Wdeprecated-declarations]
     gioFuncs.c:9342:3: warning: 'g_simple_async_result_complete_in_idle' is deprecated [-Wdeprecated-declarations]
     gioFuncs.c:9361:3: warning: 'g_simple_async_result_set_from_error' is deprecated [-Wdeprecated-declarations]
     gioFuncs.c:9385:9: warning: 'g_simple_async_result_propagate_error' is deprecated [-Wdeprecated-declarations]
     gioFuncs.c:9411:3: warning: 'g_simple_async_report_gerror_in_idle' is deprecated [-Wdeprecated-declarations]
     gioFuncs.c:9947:3: warning: 'g_volume_eject' is deprecated [-Wdeprecated-declarations]
     gioFuncs.c:9968:9: warning: 'g_volume_eject_finish' is deprecated [-Wdeprecated-declarations]
     gioFuncs.c:10135:9: warning: 'g_volume_monitor_adopt_orphan_mount' is deprecated [-Wdeprecated-declarations]
     gioFuncs.c:10972:3: warning: 'g_data_input_stream_read_until_async' is deprecated [-Wdeprecated-declarations]
     gioFuncs.c:10994:9: warning: 'g_data_input_stream_read_until_finish' is deprecated [-Wdeprecated-declarations]
     gobject.c:352:8: warning: 'g_object_newv' is deprecated [-Wdeprecated-declarations]
     gobject.c:412:15: warning: 'g_object_newv' is deprecated [-Wdeprecated-declarations]
     gobject.c:416:18: warning: 'g_object_newv' is deprecated [-Wdeprecated-declarations]
     gtkClasses.c:8831:28: warning: incompatible pointer types assigning to 'gboolean (*)(GtkNotebook *, gint)' (aka 'int (*)(struct _GtkNotebook *, int)') from 'void (GtkNotebook *, gint)' (aka 'void (struct _GtkNotebook *, int)') [-Wincompatible-pointer-types]
     gtkClasses.c:11314:21: warning: incompatible pointer types assigning to 'gboolean (*)(GtkScrolledWindow *, GtkScrollType, gboolean)' (aka 'int (*)(struct _GtkScrolledWindow *, GtkScrollType, int)') from 'void (GtkScrolledWindow *, GtkScrollType, gboolean)' (aka 'void (struct _GtkScrolledWindow *, GtkScrollType, int)') [-Wincompatible-pointer-types]
     pangoFuncs.c:890:9: warning: 'pango_cairo_font_map_create_context' is deprecated [-Wdeprecated-declarations]
     pangoFuncs.c:1159:9: warning: 'pango_get_mirror_char' is deprecated [-Wdeprecated-declarations]
     pangoFuncs.c:1179:9: warning: 'pango_unichar_direction' is deprecated [-Wdeprecated-declarations]
     pangoFuncs.c:1196:9: warning: 'pango_find_base_dir' is deprecated [-Wdeprecated-declarations]
     pangoFuncs.c:5707:9: warning: 'pango_bidi_type_for_unichar' is deprecated [-Wdeprecated-declarations]
Flavor: r-devel-linux-x86_64-fedora-clang

Version: 2.20.36
Check: installed package size
Result: NOTE
     installed size is 23.9Mb
     sub-directories of 1Mb or more:
     R 3.7Mb
     help 10.5Mb
     libs 7.9Mb
Flavors: r-devel-linux-x86_64-fedora-clang, r-patched-solaris-x86, r-release-windows-ix86+x86_64, r-release-osx-x86_64, r-oldrel-windows-ix86+x86_64, r-oldrel-osx-x86_64

Version: 2.20.36
Check: compiled code
Result: NOTE
    File ‘RGtk2/libs/RGtk2.so’:
     Found non-API calls to R: ‘R_CStackLimit’, ‘R_new_custom_connection’,
     ‘Rf_EncodeInteger’, ‘Rf_EncodeLogical’, ‘Rf_EncodeReal’,
     ‘Rf_formatInteger’, ‘Rf_formatLogical’, ‘Rf_formatReal’
    File ‘RGtk2/libs/RGtk2.so’:
     Found no calls to: ‘R_registerRoutines’, ‘R_useDynamicSymbols’
    
    Compiled code should not call non-API entry points in R.
    It is good practice to register native routines and to disable symbol
    search.
    
    See ‘Writing portable packages’ in the ‘Writing R Extensions’ manual.
Flavors: r-devel-linux-x86_64-fedora-clang, r-devel-linux-x86_64-fedora-gcc

Version: 2.20.36
Check: whether package can be installed
Result: WARN
    Found the following significant warnings:
     atkClasses.c:1054:25: warning: assignment to ‘void (*)(AtkObject *, guint, void *)’ {aka ‘void (*)(struct _AtkObject *, unsigned int, void *)’} from incompatible pointer type ‘void (*)(AtkObject *, guint, AtkObject *)’ {aka ‘void (*)(struct _AtkObject *, unsigned int, struct _AtkObject *)’} [-Wincompatible-pointer-types]
     atkClasses.c:1062:34: warning: assignment to ‘void (*)(AtkObject *, void **)’ {aka ‘void (*)(struct _AtkObject *, void **)’} from incompatible pointer type ‘void (*)(AtkObject *, AtkObject *)’ {aka ‘void (*)(struct _AtkObject *, struct _AtkObject *)’} [-Wincompatible-pointer-types]
     atkClasses.c:1401:51: warning: passing argument 2 of ‘object_class->active_descendant_changed’ from incompatible pointer type [-Wincompatible-pointer-types]
     atkFuncs.c:230:3: warning: ‘atk_component_get_position’ is deprecated: Use 'atk_component_get_extents' instead [-Wdeprecated-declarations]
     atkFuncs.c:251:3: warning: ‘atk_component_get_size’ is deprecated: Use 'atk_component_get_extents' instead [-Wdeprecated-declarations]
     atkFuncs.c:287:3: warning: ‘atk_component_remove_focus_handler’ is deprecated [-Wdeprecated-declarations]
     atkFuncs.c:407:3: warning: ‘atk_document_get_document_type’ is deprecated [-Wdeprecated-declarations]
     atkFuncs.c:423:3: warning: ‘atk_document_get_document’ is deprecated [-Wdeprecated-declarations]
     atkFuncs.c:729:3: warning: ‘atk_hyperlink_is_selected_link’ is deprecated [-Wdeprecated-declarations]
     atkFuncs.c:1183:3: warning: ‘atk_object_get_layer’ is deprecated: Use 'atk_component_get_layer' instead [-Wdeprecated-declarations]
     atkFuncs.c:1199:3: warning: ‘atk_object_get_mdi_zorder’ is deprecated: Use 'atk_component_get_mdi_zorder' instead [-Wdeprecated-declarations]
     atkFuncs.c:1307:3: warning: ‘atk_object_remove_property_change_handler’ is deprecated [-Wdeprecated-declarations]
     atkFuncs.c:2164:3: warning: ‘atk_table_get_index_at’ is deprecated: Use 'atk_table_ref_at' instead [-Wdeprecated-declarations]
     atkFuncs.c:2181:3: warning: ‘atk_table_get_column_at_index’ is deprecated [-Wdeprecated-declarations]
     atkFuncs.c:2198:3: warning: ‘atk_table_get_row_at_index’ is deprecated [-Wdeprecated-declarations]
     atkFuncs.c:2693:3: warning: ‘atk_text_get_text_after_offset’ is deprecated: Use 'atk_text_get_string_at_offset' instead [-Wdeprecated-declarations]
     atkFuncs.c:2719:3: warning: ‘atk_text_get_text_at_offset’ is deprecated: Use 'atk_text_get_string_at_offset' instead [-Wdeprecated-declarations]
     atkFuncs.c:2745:3: warning: ‘atk_text_get_text_before_offset’ is deprecated: Use 'atk_text_get_string_at_offset' instead [-Wdeprecated-declarations]
     atkFuncs.c:3136:3: warning: ‘atk_remove_focus_tracker’ is deprecated [-Wdeprecated-declarations]
     atkFuncs.c:3150:3: warning: ‘atk_focus_tracker_notify’ is deprecated [-Wdeprecated-declarations]
     atkFuncs.c:3286:3: warning: ‘atk_value_get_current_value’ is deprecated: Use 'atk_value_get_value_and_text' instead [-Wdeprecated-declarations]
     atkFuncs.c:3306:3: warning: ‘atk_value_get_maximum_value’ is deprecated: Use 'atk_value_get_range' instead [-Wdeprecated-declarations]
     atkFuncs.c:3326:3: warning: ‘atk_value_get_minimum_value’ is deprecated: Use 'atk_value_get_range' instead [-Wdeprecated-declarations]
     atkFuncs.c:3347:3: warning: ‘atk_value_set_current_value’ is deprecated: Use 'atk_value_set_value' instead [-Wdeprecated-declarations]
     atkFuncs.c:3397:3: warning: ‘atk_role_register’ is deprecated [-Wdeprecated-declarations]
     atkFuncs.c:3481:3: warning: ‘atk_document_get_locale’ is deprecated: Use 'atk_object_get_object_locale' instead [-Wdeprecated-declarations]
     gdkFuncs.c:6000:36: warning: passing argument 2 of ‘gdk_window_get_user_data’ from incompatible pointer type [-Wincompatible-pointer-types]
     gdkFuncs.c:7588:3: warning: ‘gdk_pixbuf_new_from_inline’ is deprecated [-Wdeprecated-declarations]
     gioClasses.c:1974:17: warning: assignment to ‘gssize (*)(GOutputStream *, const void *, gsize, GCancellable *, GError **)’ {aka ‘long int (*)(struct _GOutputStream *, const void *, long unsigned int, struct _GCancellable *, struct _GError **)’} from incompatible pointer type ‘gssize (*)(GOutputStream *, const guchar *, gsize, GCancellable *, GError **)’ {aka ‘long int (*)(struct _GOutputStream *, const unsigned char *, long unsigned int, struct _GCancellable *, struct _GError **)’} [-Wincompatible-pointer-types]
     gioClasses.c:1990:20: warning: assignment to ‘void (*)(GOutputStream *, const void *, gsize, int, GCancellable *, void (*)(GObject *, GAsyncResult *, void *), void *)’ {aka ‘void (*)(struct _GOutputStream *, const void *, long unsigned int, int, struct _GCancellable *, void (*)(struct _GObject *, struct _GAsyncResult *, void *), void *)’} from incompatible pointer type ‘void (*)(GOutputStream *, const guchar *, gsize, int, GCancellable *, void (*)(GObject *, GAsyncResult *, void *), void *)’ {aka ‘void (*)(struct _GOutputStream *, const unsigned char *, long unsigned int, int, struct _GCancellable *, void (*)(struct _GObject *, struct _GAsyncResult *, void *), void *)’} [-Wincompatible-pointer-types]
     gioFuncs.c:1844:3: warning: ‘g_data_input_stream_read_until’ is deprecated: Use 'g_data_input_stream_read_upto' instead [-Wdeprecated-declarations]
     gioFuncs.c:2369:3: warning: ‘g_drive_eject’ is deprecated: Use 'g_drive_eject_with_operation' instead [-Wdeprecated-declarations]
     gioFuncs.c:2390:3: warning: ‘g_drive_eject_finish’ is deprecated: Use 'g_drive_eject_with_operation_finish' instead [-Wdeprecated-declarations]
     gioFuncs.c:4654:3: warning: ‘g_file_unmount_mountable’ is deprecated: Use 'g_file_unmount_mountable_with_operation' instead [-Wdeprecated-declarations]
     gioFuncs.c:4675:3: warning: ‘g_file_unmount_mountable_finish’ is deprecated: Use 'g_file_unmount_mountable_with_operation_finish' instead [-Wdeprecated-declarations]
     gioFuncs.c:4702:3: warning: ‘g_file_eject_mountable’ is deprecated: Use 'g_file_eject_mountable_with_operation' instead [-Wdeprecated-declarations]
     gioFuncs.c:4723:3: warning: ‘g_file_eject_mountable_finish’ is deprecated: Use 'g_file_eject_mountable_with_operation_finish' instead [-Wdeprecated-declarations]
     gioFuncs.c:7595:3: warning: ‘g_io_scheduler_cancel_all_jobs’ is deprecated [-Wdeprecated-declarations]
     gioFuncs.c:7617:3: warning: ‘g_io_scheduler_job_send_to_mainloop’ is deprecated: Use 'g_main_context_invoke' instead [-Wdeprecated-declarations]
     gioFuncs.c:7639:3: warning: ‘g_io_scheduler_job_send_to_mainloop_async’ is deprecated: Use 'g_main_context_invoke' instead [-Wdeprecated-declarations]
     gioFuncs.c:8078:3: warning: ‘g_mount_unmount’ is deprecated: Use 'g_mount_unmount_with_operation' instead [-Wdeprecated-declarations]
     gioFuncs.c:8099:3: warning: ‘g_mount_unmount_finish’ is deprecated: Use 'g_mount_unmount_with_operation_finish' instead [-Wdeprecated-declarations]
     gioFuncs.c:8126:3: warning: ‘g_mount_eject’ is deprecated: Use 'g_mount_eject_with_operation' instead [-Wdeprecated-declarations]
     gioFuncs.c:8147:3: warning: ‘g_mount_eject_finish’ is deprecated: Use 'g_mount_eject_with_operation_finish' instead [-Wdeprecated-declarations]
     gioFuncs.c:9121:3: warning: ‘g_simple_async_result_new’ is deprecated: Use 'g_task_new' instead [-Wdeprecated-declarations]
     gioFuncs.c:9144:3: warning: ‘g_simple_async_result_new_from_error’ is deprecated: Use 'g_task_new' instead [-Wdeprecated-declarations]
     gioFuncs.c:9169:3: warning: ‘g_simple_async_result_set_op_res_gpointer’ is deprecated [-Wdeprecated-declarations]
     gioFuncs.c:9188:3: warning: ‘g_simple_async_result_get_op_res_gpointer’ is deprecated [-Wdeprecated-declarations]
     gioFuncs.c:9208:3: warning: ‘g_simple_async_result_set_op_res_gssize’ is deprecated [-Wdeprecated-declarations]
     gioFuncs.c:9227:3: warning: ‘g_simple_async_result_get_op_res_gssize’ is deprecated [-Wdeprecated-declarations]
     gioFuncs.c:9247:3: warning: ‘g_simple_async_result_set_op_res_gboolean’ is deprecated [-Wdeprecated-declarations]
     gioFuncs.c:9266:3: warning: ‘g_simple_async_result_get_op_res_gboolean’ is deprecated [-Wdeprecated-declarations]
     gioFuncs.c:9286:3: warning: ‘g_simple_async_result_get_source_tag’ is deprecated [-Wdeprecated-declarations]
     gioFuncs.c:9306:3: warning: ‘g_simple_async_result_set_handle_cancellation’ is deprecated [-Wdeprecated-declarations]
     gioFuncs.c:9324:3: warning: ‘g_simple_async_result_complete’ is deprecated [-Wdeprecated-declarations]
     gioFuncs.c:9342:3: warning: ‘g_simple_async_result_complete_in_idle’ is deprecated [-Wdeprecated-declarations]
     gioFuncs.c:9361:3: warning: ‘g_simple_async_result_set_from_error’ is deprecated [-Wdeprecated-declarations]
     gioFuncs.c:9385:3: warning: ‘g_simple_async_result_propagate_error’ is deprecated [-Wdeprecated-declarations]
     gioFuncs.c:9411:3: warning: ‘g_simple_async_report_gerror_in_idle’ is deprecated: Use 'g_task_report_error' instead [-Wdeprecated-declarations]
     gioFuncs.c:9947:3: warning: ‘g_volume_eject’ is deprecated: Use 'g_volume_eject_with_operation' instead [-Wdeprecated-declarations]
     gioFuncs.c:9968:3: warning: ‘g_volume_eject_finish’ is deprecated: Use 'g_volume_eject_with_operation_finish' instead [-Wdeprecated-declarations]
     gioFuncs.c:10135:3: warning: ‘g_volume_monitor_adopt_orphan_mount’ is deprecated [-Wdeprecated-declarations]
     gioFuncs.c:10972:3: warning: ‘g_data_input_stream_read_until_async’ is deprecated: Use 'g_data_input_stream_read_upto_async' instead [-Wdeprecated-declarations]
     gioFuncs.c:10994:3: warning: ‘g_data_input_stream_read_until_finish’ is deprecated: Use 'g_data_input_stream_read_upto_finish' instead [-Wdeprecated-declarations]
     gioManuals.c:151:3: warning: ‘g_simple_async_result_new_error’ is deprecated: Use 'g_task_new' instead [-Wdeprecated-declarations]
     gioManuals.c:173:3: warning: ‘g_simple_async_result_set_error’ is deprecated [-Wdeprecated-declarations]
     gioManuals.c:199:3: warning: ‘g_simple_async_report_error_in_idle’ is deprecated: Use 'g_task_report_error' instead [-Wdeprecated-declarations]
     gioManuals.c:239:3: warning: ‘g_async_initable_newv_async’ is deprecated: Use 'g_object_new_with_properties and g_async_initable_init_async' instead [-Wdeprecated-declarations]
     gioManuals.c:274:3: warning: ‘g_initable_newv’ is deprecated: Use 'g_object_new_with_properties and g_initable_init' instead [-Wdeprecated-declarations]
     gobject.c:352:2: warning: ‘g_object_newv’ is deprecated: Use 'g_object_new_with_properties' instead [-Wdeprecated-declarations]
     gobject.c:412:9: warning: ‘g_object_newv’ is deprecated: Use 'g_object_new_with_properties' instead [-Wdeprecated-declarations]
     gobject.c:416:5: warning: ‘g_object_newv’ is deprecated: Use 'g_object_new_with_properties' instead [-Wdeprecated-declarations]
     gtkClasses.c:8831:28: warning: assignment to ‘gboolean (*)(GtkNotebook *, gint)’ {aka ‘int (*)(struct _GtkNotebook *, int)’} from incompatible pointer type ‘void (*)(GtkNotebook *, gint)’ {aka ‘void (*)(struct _GtkNotebook *, int)’} [-Wincompatible-pointer-types]
     gtkClasses.c:11314:21: warning: assignment to ‘gboolean (*)(GtkScrolledWindow *, GtkScrollType, gboolean)’ {aka ‘int (*)(struct _GtkScrolledWindow *, enum <anonymous>, int)’} from incompatible pointer type ‘void (*)(GtkScrolledWindow *, GtkScrollType, gboolean)’ {aka ‘void (*)(struct _GtkScrolledWindow *, enum <anonymous>, int)’} [-Wincompatible-pointer-types]
     pangoFuncs.c:890:3: warning: ‘pango_cairo_font_map_create_context’ is deprecated: Use 'pango_font_map_create_context' instead [-Wdeprecated-declarations]
     pangoFuncs.c:1159:3: warning: ‘pango_get_mirror_char’ is deprecated: Use 'g_unichar_get_mirror_char' instead [-Wdeprecated-declarations]
     pangoFuncs.c:1179:3: warning: ‘pango_unichar_direction’ is deprecated [-Wdeprecated-declarations]
     pangoFuncs.c:1196:3: warning: ‘pango_find_base_dir’ is deprecated [-Wdeprecated-declarations]
     pangoFuncs.c:5707:3: warning: ‘pango_bidi_type_for_unichar’ is deprecated [-Wdeprecated-declarations]
Flavor: r-devel-linux-x86_64-fedora-gcc

Version: 2.20.36
Check: whether package can be installed
Result: ERROR
    Installation failed.
Flavor: r-devel-windows-ix86+x86_64

Version: 2.20.36
Check: whether package can be installed
Result: WARN
    Found the following significant warnings:
     atkClasses.c:1054:25: warning: assignment to ‘void (*)(AtkObject *, guint, void *)’ {aka ‘void (*)(struct _AtkObject *, unsigned int, void *)’} from incompatible pointer type ‘void (*)(AtkObject *, guint, AtkObject *)’ {aka ‘void (*)(struct _AtkObject *, unsigned int, struct _AtkObject *)’} [-Wincompatible-pointer-types]
     atkClasses.c:1062:34: warning: assignment to ‘void (*)(AtkObject *, void **)’ {aka ‘void (*)(struct _AtkObject *, void **)’} from incompatible pointer type ‘void (*)(AtkObject *, AtkObject *)’ {aka ‘void (*)(struct _AtkObject *, struct _AtkObject *)’} [-Wincompatible-pointer-types]
     atkClasses.c:1401:51: warning: passing argument 2 of ‘object_class->active_descendant_changed’ from incompatible pointer type [-Wincompatible-pointer-types]
     gdkFuncs.c:6000:36: warning: passing argument 2 of ‘gdk_window_get_user_data’ from incompatible pointer type [-Wincompatible-pointer-types]
     gioClasses.c:1974:17: warning: assignment to ‘gssize (*)(GOutputStream *, const void *, gsize, GCancellable *, GError **)’ {aka ‘long int (*)(struct _GOutputStream *, const void *, long unsigned int, struct _GCancellable *, struct _GError **)’} from incompatible pointer type ‘gssize (*)(GOutputStream *, const guchar *, gsize, GCancellable *, GError **)’ {aka ‘long int (*)(struct _GOutputStream *, const unsigned char *, long unsigned int, struct _GCancellable *, struct _GError **)’} [-Wincompatible-pointer-types]
     gioClasses.c:1990:20: warning: assignment to ‘void (*)(GOutputStream *, const void *, gsize, int, GCancellable *, void (*)(GObject *, GAsyncResult *, void *), void *)’ {aka ‘void (*)(struct _GOutputStream *, const void *, long unsigned int, int, struct _GCancellable *, void (*)(struct _GObject *, struct _GAsyncResult *, void *), void *)’} from incompatible pointer type ‘void (*)(GOutputStream *, const guchar *, gsize, int, GCancellable *, void (*)(GObject *, GAsyncResult *, void *), void *)’ {aka ‘void (*)(struct _GOutputStream *, const unsigned char *, long unsigned int, int, struct _GCancellable *, void (*)(struct _GObject *, struct _GAsyncResult *, void *), void *)’} [-Wincompatible-pointer-types]
     gtkClasses.c:8831:28: warning: assignment to ‘gboolean (*)(GtkNotebook *, gint)’ {aka ‘int (*)(struct _GtkNotebook *, int)’} from incompatible pointer type ‘void (*)(GtkNotebook *, gint)’ {aka ‘void (*)(struct _GtkNotebook *, int)’} [-Wincompatible-pointer-types]
     gtkClasses.c:11314:21: warning: assignment to ‘gboolean (*)(GtkScrolledWindow *, GtkScrollType, gboolean)’ {aka ‘int (*)(struct _GtkScrolledWindow *, enum <anonymous>, int)’} from incompatible pointer type ‘void (*)(GtkScrolledWindow *, GtkScrollType, gboolean)’ {aka ‘void (*)(struct _GtkScrolledWindow *, enum <anonymous>, int)’} [-Wincompatible-pointer-types]
Flavors: r-patched-linux-x86_64, r-release-linux-x86_64

Version: 2.20.36
Check: whether package can be installed
Result: WARN
    Found the following significant warnings:
     atkClasses.c:1054:25: warning: assignment from incompatible pointer type [-Wincompatible-pointer-types]
     atkClasses.c:1062:34: warning: assignment from incompatible pointer type [-Wincompatible-pointer-types]
     atkClasses.c:1401:51: warning: passing argument 2 of ‘object_class->active_descendant_changed’ from incompatible pointer type [-Wincompatible-pointer-types]
     gdkFuncs.c:6000:36: warning: passing argument 2 of ‘gdk_window_get_user_data’ from incompatible pointer type [-Wincompatible-pointer-types]
     gioClasses.c:1974:17: warning: assignment from incompatible pointer type [-Wincompatible-pointer-types]
     gioClasses.c:1990:20: warning: assignment from incompatible pointer type [-Wincompatible-pointer-types]
     gtkClasses.c:8831:28: warning: assignment from incompatible pointer type [-Wincompatible-pointer-types]
     gtkClasses.c:11314:21: warning: assignment from incompatible pointer type [-Wincompatible-pointer-types]
Flavor: r-patched-solaris-x86

Version: 2.20.36
Check: top-level files
Result: NOTE
    Found a ‘configure.in’ file: ‘configure.ac’ has long been preferred.
Flavors: r-patched-solaris-x86, r-release-windows-ix86+x86_64, r-release-osx-x86_64

Version: 2.20.36
Check: compiled code
Result: NOTE
    File 'RGtk2/libs/i386/RGtk2.dll':
     Found non-API calls to R: 'R_new_custom_connection',
     'Rf_EncodeInteger', 'Rf_EncodeLogical', 'Rf_EncodeReal',
     'Rf_formatInteger', 'Rf_formatLogical', 'Rf_formatReal'
    File 'RGtk2/libs/x64/RGtk2.dll':
     Found non-API calls to R: 'R_new_custom_connection',
     'Rf_EncodeInteger', 'Rf_EncodeLogical', 'Rf_EncodeReal',
     'Rf_formatInteger', 'Rf_formatLogical', 'Rf_formatReal'
    
    Compiled code should not call non-API entry points in R.
    
    See 'Writing portable packages' in the 'Writing R Extensions' manual.
Flavors: r-release-windows-ix86+x86_64, r-oldrel-windows-ix86+x86_64

Version: 2.20.36
Check: whether package can be installed
Result: WARN
    Found the following significant warnings:
     atkClasses.c:1054:25: warning: incompatible pointer types assigning to 'void (*)(AtkObject *, guint, gpointer)' (aka 'void (*)(struct _AtkObject *, unsigned int, void *)') from 'void (AtkObject *, guint, AtkObject *)' (aka 'void (struct _AtkObject *, unsigned int, struct _AtkObject *)') [-Wincompatible-pointer-types]
     atkClasses.c:1062:34: warning: incompatible pointer types assigning to 'void (*)(AtkObject *, gpointer *)' (aka 'void (*)(struct _AtkObject *, void **)') from 'void (AtkObject *, AtkObject *)' (aka 'void (struct _AtkObject *, struct _AtkObject *)') [-Wincompatible-pointer-types]
     atkClasses.c:1401:51: warning: incompatible pointer types passing 'AtkObject *' (aka 'struct _AtkObject *') to parameter of type 'gpointer *' (aka 'void **') [-Wincompatible-pointer-types]
     gdkFuncs.c:6000:36: warning: incompatible pointer types passing 'GtkWidget **' (aka 'struct _GtkWidget **') to parameter of type 'gpointer *' (aka 'void **') [-Wincompatible-pointer-types]
     gioClasses.c:1974:17: warning: incompatible pointer types assigning to 'gssize (*)(GOutputStream *, const void *, gsize, GCancellable *, GError **)' (aka 'long (*)(struct _GOutputStream *, const void *, unsigned long, struct _GCancellable *, struct _GError **)') from 'gssize (GOutputStream *, const guchar *, gsize, GCancellable *, GError **)' (aka 'long (struct _GOutputStream *, const unsigned char *, unsigned long, struct _GCancellable *, struct _GError **)') [-Wincompatible-pointer-types]
     gioClasses.c:1990:20: warning: incompatible pointer types assigning to 'void (*)(GOutputStream *, const void *, gsize, int, GCancellable *, GAsyncReadyCallback, gpointer)' (aka 'void (*)(struct _GOutputStream *, const void *, unsigned long, int, struct _GCancellable *, void (*)(struct _GObject *, struct _GAsyncResult *, void *), void *)') from 'void (GOutputStream *, const guchar *, gsize, int, GCancellable *, GAsyncReadyCallback, gpointer)' (aka 'void (struct _GOutputStream *, const unsigned char *, unsigned long, int, struct _GCancellable *, void (*)(struct _GObject *, struct _GAsyncResult *, void *), void *)') [-Wincompatible-pointer-types]
     gtkClasses.c:8831:28: warning: incompatible pointer types assigning to 'gboolean (*)(GtkNotebook *, gint)' (aka 'int (*)(struct _GtkNotebook *, int)') from 'void (GtkNotebook *, gint)' (aka 'void (struct _GtkNotebook *, int)') [-Wincompatible-pointer-types]
     gtkClasses.c:11314:21: warning: incompatible pointer types assigning to 'gboolean (*)(GtkScrolledWindow *, GtkScrollType, gboolean)' (aka 'int (*)(struct _GtkScrolledWindow *, GtkScrollType, int)') from 'void (GtkScrolledWindow *, GtkScrollType, gboolean)' (aka 'void (struct _GtkScrolledWindow *, GtkScrollType, int)') [-Wincompatible-pointer-types]
Flavors: r-release-osx-x86_64, r-oldrel-osx-x86_64