CRAN Package Check Results for Package RJDemetra

Last updated on 2021-10-26 06:00:02 CEST.

Flavor Version Tinstall Tcheck Ttotal Status Flags
r-devel-linux-x86_64-debian-clang 0.1.7 11.26 81.60 92.86 OK
r-devel-linux-x86_64-debian-gcc 0.1.7 9.08 62.21 71.29 OK
r-devel-linux-x86_64-fedora-clang 0.1.7 123.48 NOTE
r-devel-linux-x86_64-fedora-gcc 0.1.7 114.05 OK
r-devel-windows-x86_64 0.1.7 19.00 95.00 114.00 NOTE
r-devel-windows-x86_64-gcc10-UCRT 0.1.7 OK
r-patched-linux-x86_64 0.1.7 11.58 78.34 89.92 OK
r-release-linux-x86_64 0.1.7 11.68 78.70 90.38 OK
r-release-macos-arm64 0.1.7 NOTE
r-release-macos-x86_64 0.1.7 NOTE
r-release-windows-ix86+x86_64 0.1.7 17.00 88.00 105.00 NOTE
r-oldrel-macos-x86_64 0.1.7 NOTE
r-oldrel-windows-ix86+x86_64 0.1.7 23.00 99.00 122.00 NOTE

Additional issues

M1mac

Check Details

Version: 0.1.7
Check: installed package size
Result: NOTE
     installed size is 5.2Mb
     sub-directories of 1Mb or more:
     java 4.4Mb
Flavors: r-devel-linux-x86_64-fedora-clang, r-devel-windows-x86_64, r-release-macos-arm64, r-release-macos-x86_64, r-release-windows-ix86+x86_64, r-oldrel-macos-x86_64, r-oldrel-windows-ix86+x86_64