CRAN Package Check Results for Package RJDemetra

Last updated on 2020-02-27 05:48:59 CET.

Flavor Version Tinstall Tcheck Ttotal Status Flags
r-devel-linux-x86_64-debian-clang 0.1.4 12.09 73.73 85.82 OK
r-devel-linux-x86_64-debian-gcc 0.1.4 9.30 57.51 66.81 OK
r-devel-linux-x86_64-fedora-clang 0.1.4 103.07 NOTE
r-devel-linux-x86_64-fedora-gcc 0.1.4 98.21 OK
r-devel-windows-ix86+x86_64 0.1.4 20.00 76.00 96.00 NOTE
r-devel-windows-ix86+x86_64-gcc8 0.1.4 18.00 74.00 92.00 NOTE
r-patched-linux-x86_64 0.1.4 10.04 66.91 76.95 OK
r-release-linux-x86_64 0.1.4 10.50 65.70 76.20 OK
r-release-windows-ix86+x86_64 0.1.4 15.00 66.00 81.00 NOTE
r-release-osx-x86_64 0.1.4 NOTE
r-oldrel-windows-ix86+x86_64 0.1.4 18.00 69.00 87.00 NOTE
r-oldrel-osx-x86_64 0.1.4 NOTE

Check Details

Version: 0.1.4
Check: installed package size
Result: NOTE
     installed size is 5.1Mb
     sub-directories of 1Mb or more:
     java 4.4Mb
Flavors: r-devel-linux-x86_64-fedora-clang, r-devel-windows-ix86+x86_64, r-devel-windows-ix86+x86_64-gcc8, r-release-windows-ix86+x86_64, r-release-osx-x86_64, r-oldrel-windows-ix86+x86_64, r-oldrel-osx-x86_64