CRAN Package Check Results for Package RLRsim

Last updated on 2022-01-18 05:50:26 CET.

Flavor Version Tinstall Tcheck Ttotal Status Flags
r-devel-linux-x86_64-debian-clang 3.1-6 21.16 78.61 99.77 OK
r-devel-linux-x86_64-debian-gcc 3.1-6 17.69 61.46 79.15 OK
r-devel-linux-x86_64-fedora-clang 3.1-6 134.11 OK
r-devel-linux-x86_64-fedora-gcc 3.1-6 118.53 OK
r-devel-windows-x86_64-new-UL 3.1-6 39.00 115.00 154.00 OK
r-devel-windows-x86_64-new-TK 3.1-6 ERROR
r-patched-linux-x86_64 3.1-6 22.39 76.03 98.42 OK
r-release-linux-x86_64 3.1-6 OK
r-release-macos-arm64 3.1-6 OK
r-release-macos-x86_64 3.1-6 OK
r-release-windows-ix86+x86_64 3.1-6 58.00 132.00 190.00 OK
r-oldrel-macos-x86_64 3.1-6 OK
r-oldrel-windows-ix86+x86_64 3.1-6 60.00 132.00 192.00 OK

Check Details

Version: 3.1-6
Check: package dependencies
Result: ERROR
    Package required but not available: 'lme4'
    
    Package which this enhances but not available for checking: 'lmerTest'
    
    See section 'The DESCRIPTION file' in the 'Writing R Extensions'
    manual.
Flavor: r-devel-windows-x86_64-new-TK