CRAN Package Check Results for Package RMAWGEN

Last updated on 2024-07-13 06:49:50 CEST.

Flavor Version Tinstall Tcheck Ttotal Status Flags
r-devel-linux-x86_64-debian-clang 1.3.7 8.41 63.97 72.38 NOTE
r-devel-linux-x86_64-debian-gcc 1.3.7 5.95 47.97 53.92 NOTE
r-devel-linux-x86_64-fedora-clang 1.3.7 90.78 NOTE
r-devel-linux-x86_64-fedora-gcc 1.3.7 89.13 NOTE
r-devel-windows-x86_64 1.3.7 7.00 81.00 88.00 NOTE
r-patched-linux-x86_64 1.3.7 12.64 60.19 72.83 NOTE
r-release-linux-x86_64 1.3.7 5.65 61.86 67.51 NOTE
r-release-macos-arm64 1.3.7 31.00 NOTE
r-release-macos-x86_64 1.3.7 44.00 NOTE
r-release-windows-x86_64 1.3.7 7.00 80.00 87.00 NOTE
r-oldrel-macos-arm64 1.3.7 33.00 OK
r-oldrel-macos-x86_64 1.3.7 51.00 OK
r-oldrel-windows-x86_64 1.3.7 9.00 90.00 99.00 OK

Check Details

Version: 1.3.7
Check: Rd files
Result: NOTE checkRd: (-1) ComprehensiveTemperatureGenerator.Rd:68: Lost braces; missing escapes or markup? 68 | \item{exogen_all}{data frame containing exogenous variable formatted like \code{Tx_all} and {Tn_all}. Default is \code{NULL}. | ^ checkRd: (-1) qqplot_RMAWGEN_Tx.Rd:70: Lost braces; missing escapes or markup? 70 | \code{Tx_gen},{Tn_gen} and \code{main} must have an even number of elements. | ^ Flavors: r-devel-linux-x86_64-debian-clang, r-devel-linux-x86_64-debian-gcc, r-devel-linux-x86_64-fedora-clang, r-devel-linux-x86_64-fedora-gcc, r-devel-windows-x86_64, r-patched-linux-x86_64, r-release-linux-x86_64, r-release-macos-arm64, r-release-macos-x86_64, r-release-windows-x86_64

Version: 1.3.7
Check: Rd cross-references
Result: NOTE Found the following Rd file(s) with Rd \link{} targets missing package anchors: NewVAReventRealization.Rd: VAR VAR_mod.Rd: VAR arch_test.Rd: arch.test findDate.Rd: date.mdy forecastEV.Rd: VAR forecastResidual.Rd: VAR generateTemperatureTimeseries.Rd: VAR getVARmodel.Rd: VAR, VARselect normality_test.Rd: normality.test removeNAs.Rd: VAR, VARselect serial_test.Rd: serial.test varest-class.Rd: VAR varest2-class.Rd: VAR Please provide package anchors for all Rd \link{} targets not in the package itself and the base packages. Flavor: r-devel-windows-x86_64