CRAN Package Check Results for Package RMariaDB

Last updated on 2019-12-09 05:47:26 CET.

Flavor Version Tinstall Tcheck Ttotal Status Flags
r-devel-linux-x86_64-debian-clang 1.0.7 101.75 41.62 143.37 OK
r-devel-linux-x86_64-debian-gcc 1.0.7 58.86 32.38 91.24 OK
r-devel-linux-x86_64-fedora-clang 1.0.7 199.89 OK
r-devel-linux-x86_64-fedora-gcc 1.0.7 181.75 OK
r-devel-windows-ix86+x86_64 1.0.7 461.00 177.00 638.00 NOTE
r-devel-windows-ix86+x86_64-gcc8 1.0.6 421.00 153.00 574.00 WARN
r-patched-linux-x86_64 1.0.7 71.09 37.34 108.43 OK
r-patched-solaris-x86 1.0.7 171.40 OK
r-release-linux-x86_64 1.0.7 73.88 37.25 111.13 OK
r-release-windows-ix86+x86_64 1.0.7 512.00 187.00 699.00 NOTE
r-release-osx-x86_64 1.0.7 NOTE
r-oldrel-windows-ix86+x86_64 1.0.7 345.00 156.00 501.00 NOTE
r-oldrel-osx-x86_64 1.0.7 OK

Check Details

Version: 1.0.7
Check: installed package size
Result: NOTE
     installed size is 6.5Mb
     sub-directories of 1Mb or more:
     libs 6.2Mb
Flavors: r-devel-windows-ix86+x86_64, r-release-windows-ix86+x86_64, r-release-osx-x86_64, r-oldrel-windows-ix86+x86_64

Version: 1.0.6
Check: whether package can be installed
Result: WARN
    Found the following significant warnings:
     DbResult.cpp:19:8: warning: 'template<class> class std::auto_ptr' is deprecated [-Wdeprecated-declarations]
     DbResult.cpp:81:41: warning: catching polymorphic type 'class MariaResultPrep::UnsupportedPS' by value [-Wcatch-value=]
     connection.cpp:23:8: warning: 'template<class> class std::auto_ptr' is deprecated [-Wdeprecated-declarations]
Flavor: r-devel-windows-ix86+x86_64-gcc8

Version: 1.0.6
Check: installed package size
Result: NOTE
     installed size is 7.0Mb
     sub-directories of 1Mb or more:
     libs 6.7Mb
Flavor: r-devel-windows-ix86+x86_64-gcc8