CRAN Package Check Results for Package RMySQL

Last updated on 2019-12-07 05:47:46 CET.

Flavor Version Tinstall Tcheck Ttotal Status Flags
r-devel-linux-x86_64-debian-clang 0.10.17 7.62 32.35 39.97 OK
r-devel-linux-x86_64-debian-gcc 0.10.17 5.76 25.73 31.49 OK
r-devel-linux-x86_64-fedora-clang 0.10.17 48.90 OK
r-devel-linux-x86_64-fedora-gcc 0.10.17 46.44 OK
r-devel-windows-ix86+x86_64 0.10.17 42.00 162.00 204.00 NOTE
r-devel-windows-ix86+x86_64-gcc8 0.10.17 35.00 146.00 181.00 NOTE
r-patched-linux-x86_64 0.10.17 5.26 29.28 34.54 OK
r-patched-solaris-x86 0.10.17 66.50 OK
r-release-linux-x86_64 0.10.17 5.85 29.40 35.25 OK
r-release-windows-ix86+x86_64 0.10.17 60.00 134.00 194.00 NOTE
r-release-osx-x86_64 0.10.17 OK
r-oldrel-windows-ix86+x86_64 0.10.17 35.00 174.00 209.00 NOTE
r-oldrel-osx-x86_64 0.10.17 OK

Check Details

Version: 0.10.17
Check: installed package size
Result: NOTE
     installed size is 6.6Mb
     sub-directories of 1Mb or more:
     libs 6.2Mb
Flavors: r-devel-windows-ix86+x86_64, r-devel-windows-ix86+x86_64-gcc8, r-release-windows-ix86+x86_64, r-oldrel-windows-ix86+x86_64