CRAN Package Check Results for Package RMySQL

Last updated on 2019-08-22 05:47:10 CEST.

Flavor Version Tinstall Tcheck Ttotal Status Flags
r-devel-linux-x86_64-debian-clang 0.10.17 6.62 29.55 36.17 OK
r-devel-linux-x86_64-debian-gcc 0.10.17 4.67 23.50 28.17 OK
r-devel-linux-x86_64-fedora-clang 0.10.17 44.64 OK
r-devel-linux-x86_64-fedora-gcc 0.10.17 43.53 OK
r-devel-windows-ix86+x86_64 0.10.17 61.00 184.00 245.00 NOTE
r-patched-linux-x86_64 0.10.17 5.63 29.68 35.31 OK
r-patched-solaris-x86 0.10.17 70.90 OK
r-release-linux-x86_64 0.10.17 5.36 28.94 34.30 OK
r-release-windows-ix86+x86_64 0.10.17 34.00 185.00 219.00 NOTE
r-release-osx-x86_64 0.10.17 OK
r-oldrel-windows-ix86+x86_64 0.10.17 46.00 173.00 219.00 NOTE
r-oldrel-osx-x86_64 0.10.17 OK

Check Details

Version: 0.10.17
Check: installed package size
Result: NOTE
     installed size is 6.6Mb
     sub-directories of 1Mb or more:
     libs 6.2Mb
Flavors: r-devel-windows-ix86+x86_64, r-release-windows-ix86+x86_64, r-oldrel-windows-ix86+x86_64