CRAN Package Check Results for Package RNCEP

Last updated on 2021-11-30 05:53:31 CET.

Flavor Version Tinstall Tcheck Ttotal Status Flags
r-devel-linux-x86_64-debian-clang 1.0.10 18.80 107.95 126.75 OK
r-devel-linux-x86_64-debian-gcc 1.0.10 15.78 81.18 96.96 OK
r-devel-linux-x86_64-fedora-clang 1.0.10 168.48 NOTE
r-devel-linux-x86_64-fedora-gcc 1.0.10 157.84 OK
r-devel-windows-x86_64-new-UL 1.0.10 30.00 142.00 172.00 OK
r-devel-windows-x86_64-new-TK 1.0.10 OK
r-devel-windows-x86_64-old 1.0.10 24.00 84.00 108.00 OK
r-patched-linux-x86_64 1.0.10 26.61 103.37 129.98 OK
r-patched-solaris-x86 1.0.10 207.60 OK --no-examples
r-release-linux-x86_64 1.0.10 18.13 104.62 122.75 OK
r-release-macos-arm64 1.0.10 OK
r-release-macos-x86_64 1.0.10 OK
r-release-windows-ix86+x86_64 1.0.10 30.00 90.00 120.00 OK
r-oldrel-macos-x86_64 1.0.10 OK
r-oldrel-windows-ix86+x86_64 1.0.10 20.00 102.00 122.00 OK

Check Details

Version: 1.0.10
Check: Rd cross-references
Result: NOTE
    Undeclared packages ‘fossil’, ‘raster’ in Rd xrefs
Flavor: r-devel-linux-x86_64-fedora-clang