Last updated on 2023-10-01 06:53:18 CEST.
Flavor | Version | Tinstall | Tcheck | Ttotal | Status | Flags |
---|---|---|---|---|---|---|
r-devel-linux-x86_64-debian-clang | 2.1.1 | 3.72 | 68.58 | 72.30 | NOTE | |
r-devel-linux-x86_64-debian-gcc | 2.1.1 | 2.77 | 52.85 | 55.62 | NOTE | |
r-devel-linux-x86_64-fedora-clang | 2.1.1 | 90.65 | NOTE | |||
r-devel-linux-x86_64-fedora-gcc | 2.1.1 | 102.48 | NOTE | |||
r-devel-windows-x86_64 | 2.1.1 | 6.00 | 90.00 | 96.00 | NOTE | |
r-patched-linux-x86_64 | 2.1.1 | 4.07 | 64.16 | 68.23 | OK | |
r-release-linux-x86_64 | 2.1.1 | 4.00 | 65.96 | 69.96 | OK | |
r-release-macos-arm64 | 2.1.1 | 39.00 | OK | |||
r-release-macos-x86_64 | 2.1.1 | 63.00 | OK | |||
r-release-windows-x86_64 | 2.1.1 | 6.00 | 89.00 | 95.00 | OK | |
r-oldrel-macos-arm64 | 2.1.1 | 35.00 | OK | |||
r-oldrel-macos-x86_64 | 2.1.1 | 50.00 | OK | |||
r-oldrel-windows-x86_64 | 2.1.1 | 8.00 | 87.00 | 95.00 | OK |
Version: 2.1.1
Check: Rd \usage sections
Result: NOTE
Objects in \usage without \alias in documentation object 'gettptnfpfn-defunct':
‘gettptnfpfn’
Functions with \usage entries need to have the appropriate \alias
entries, and all their arguments documented.
The \usage entries must correspond to syntactically valid R code.
See chapter ‘Writing R documentation files’ in the ‘Writing R
Extensions’ manual.
Flavors: r-devel-linux-x86_64-debian-clang, r-devel-linux-x86_64-debian-gcc, r-devel-linux-x86_64-fedora-clang, r-devel-linux-x86_64-fedora-gcc, r-devel-windows-x86_64