CRAN Package Check Results for Package ROI.plugin.cplex

Last updated on 2019-09-18 05:47:09 CEST.

Flavor Version Tinstall Tcheck Ttotal Status Flags
r-devel-linux-x86_64-debian-clang 0.3-0 4.03 36.50 40.53 OK --no-tests
r-devel-linux-x86_64-debian-gcc 0.3-0 3.67 27.44 31.11 OK --no-tests
r-devel-windows-ix86+x86_64 0.3-0 1.00 7.00 8.00 ERROR
r-patched-linux-x86_64 0.3-0 3.43 36.26 39.69 OK --no-tests
r-release-linux-x86_64 0.3-0 4.84 35.59 40.43 OK --no-tests
r-release-osx-x86_64 0.3-0 ERROR
r-oldrel-windows-ix86+x86_64 0.3-0 0.00 4.00 4.00 ERROR
r-oldrel-osx-x86_64 0.3-0 ERROR

Check Details

Version: 0.3-0
Check: package dependencies
Result: ERROR
    Package required but not available: 'Rcplex'
    
    See section 'The DESCRIPTION file' in the 'Writing R Extensions'
    manual.
Flavors: r-devel-windows-ix86+x86_64, r-release-osx-x86_64, r-oldrel-windows-ix86+x86_64, r-oldrel-osx-x86_64