CRAN Package Check Results for Package ROI.plugin.cplex

Last updated on 2020-02-27 05:48:59 CET.

Flavor Version Tinstall Tcheck Ttotal Status Flags
r-devel-linux-x86_64-debian-clang 0.3-0 5.16 41.23 46.39 OK --no-tests
r-devel-linux-x86_64-debian-gcc 0.3-0 3.63 30.39 34.02 OK --no-tests
r-devel-windows-ix86+x86_64 0.3-0 1.00 7.00 8.00 ERROR
r-devel-windows-ix86+x86_64-gcc8 0.3-0 1.00 7.00 8.00 ERROR
r-patched-linux-x86_64 0.3-0 3.72 35.43 39.15 OK --no-tests
r-release-linux-x86_64 0.3-0 3.27 35.07 38.34 OK --no-tests
r-release-osx-x86_64 0.3-0 ERROR
r-oldrel-windows-ix86+x86_64 0.3-0 0.00 4.00 4.00 ERROR
r-oldrel-osx-x86_64 0.3-0 ERROR

Check Details

Version: 0.3-0
Check: package dependencies
Result: ERROR
    Package required but not available: 'Rcplex'
    
    See section 'The DESCRIPTION file' in the 'Writing R Extensions'
    manual.
Flavors: r-devel-windows-ix86+x86_64, r-devel-windows-ix86+x86_64-gcc8, r-release-osx-x86_64, r-oldrel-windows-ix86+x86_64, r-oldrel-osx-x86_64