CRAN Package Check Results for Package ROI.plugin.msbinlp

Last updated on 2019-06-24 05:58:18 CEST.

Flavor Version Tinstall Tcheck Ttotal Status Flags
r-devel-linux-x86_64-debian-clang 0.3-0 2.27 69.81 72.08 OK
r-devel-linux-x86_64-debian-gcc 0.3-0 1.84 49.89 51.73 OK
r-devel-linux-x86_64-fedora-clang 0.3-0 73.50 OK
r-devel-linux-x86_64-fedora-gcc 0.3-0 67.52 OK
r-devel-windows-ix86+x86_64 0.3-0 9.00 50.00 59.00 OK
r-patched-linux-x86_64 0.3-0 2.03 66.79 68.82 OK
r-patched-solaris-x86 0.3-0 52.90 OK
r-release-linux-x86_64 0.3-0 1.99 66.99 68.98 OK
r-release-windows-ix86+x86_64 0.3-0 9.00 33.00 42.00 OK
r-release-osx-x86_64 0.3-0 OK
r-oldrel-windows-ix86+x86_64 0.3-0 3.00 49.00 52.00 OK
r-oldrel-osx-x86_64 0.3-0 NOTE

Check Details

Version: 0.3-0
Check: package dependencies
Result: NOTE
    Package suggested but not available for checking: ‘ROI.plugin.glpk’
Flavor: r-oldrel-osx-x86_64