CRAN Package Check Results for Package ROI.plugin.msbinlp

Last updated on 2019-09-20 05:47:05 CEST.

Flavor Version Tinstall Tcheck Ttotal Status Flags
r-devel-linux-x86_64-debian-clang 0.3-0 2.56 69.07 71.63 OK
r-devel-linux-x86_64-debian-gcc 0.3-0 1.99 50.41 52.40 OK
r-devel-linux-x86_64-fedora-clang 0.3-0 71.87 OK
r-devel-linux-x86_64-fedora-gcc 0.3-0 72.98 OK
r-devel-windows-ix86+x86_64 0.3-0 10.00 50.00 60.00 OK
r-patched-linux-x86_64 0.3-0 1.84 64.40 66.24 OK
r-patched-solaris-x86 0.3-0 51.60 OK
r-release-linux-x86_64 0.3-0 2.09 64.70 66.79 OK
r-release-windows-ix86+x86_64 0.3-0 9.00 33.00 42.00 OK
r-release-osx-x86_64 0.3-0 OK
r-oldrel-windows-ix86+x86_64 0.3-0 3.00 49.00 52.00 OK
r-oldrel-osx-x86_64 0.3-0 NOTE

Check Details

Version: 0.3-0
Check: package dependencies
Result: NOTE
    Package suggested but not available for checking: ‘ROI.plugin.glpk’
Flavor: r-oldrel-osx-x86_64