CRAN Package Check Results for Package ROI.plugin.qpoases

Last updated on 2019-05-23 05:49:14 CEST.

Flavor Version Tinstall Tcheck Ttotal Status Flags
r-devel-linux-x86_64-debian-clang 0.3-2 57.23 80.40 137.63 NOTE
r-devel-linux-x86_64-debian-gcc 0.3-2 41.64 58.98 100.62 NOTE
r-devel-linux-x86_64-fedora-clang 0.3-2 177.16 NOTE
r-devel-linux-x86_64-fedora-gcc 0.3-2 155.80 NOTE
r-devel-windows-ix86+x86_64 0.3-2 103.00 102.00 205.00 NOTE
r-patched-linux-x86_64 0.3-2 47.17 76.55 123.72 NOTE
r-patched-solaris-x86 0.3-2 145.90 NOTE
r-release-linux-x86_64 0.3-2 49.55 78.48 128.03 NOTE
r-release-windows-ix86+x86_64 0.3-2 143.00 77.00 220.00 NOTE
r-release-osx-x86_64 0.3-2 NOTE
r-oldrel-windows-ix86+x86_64 0.3-2 98.00 74.00 172.00 OK
r-oldrel-osx-x86_64 0.3-2 OK

Check Details

Version: 0.3-2
Check: line endings in C/C++/Fortran sources/headers
Result: NOTE
    Found the following sources/headers with CR or CRLF line endings:
     src/qpoases/include/qpOASES.hpp
     src/qpoases/include/qpOASES/Constants.hpp
     src/qpoases/include/qpOASES/ConstraintProduct.hpp
     src/qpoases/include/qpOASES/Types.hpp
     src/qpoases/include/qpOASES/UnitTesting.hpp
     src/qpoases/include/qpOASES/Utils.hpp
    Some Unix compilers require LF line endings.
Flavors: r-devel-linux-x86_64-debian-clang, r-devel-linux-x86_64-debian-gcc, r-devel-linux-x86_64-fedora-clang, r-devel-linux-x86_64-fedora-gcc, r-devel-windows-ix86+x86_64, r-patched-linux-x86_64, r-patched-solaris-x86, r-release-linux-x86_64, r-release-windows-ix86+x86_64, r-release-osx-x86_64