CRAN Package Check Results for Package ROI.plugin.symphony

Last updated on 2020-02-20 05:48:35 CET.

Flavor Version Tinstall Tcheck Ttotal Status Flags
r-devel-linux-x86_64-debian-clang 0.2-5 2.75 77.86 80.61 OK
r-devel-linux-x86_64-debian-gcc 0.2-5 2.21 51.86 54.07 OK
r-devel-linux-x86_64-fedora-clang 0.2-5 80.35 OK
r-devel-linux-x86_64-fedora-gcc 0.2-5 78.54 OK
r-devel-windows-ix86+x86_64 0.2-5 6.00 37.00 43.00 OK
r-devel-windows-ix86+x86_64-gcc8 0.2-5 11.00 50.00 61.00 OK
r-patched-linux-x86_64 0.2-5 1.69 64.46 66.15 OK
r-release-linux-x86_64 0.2-5 2.12 64.70 66.82 OK
r-release-windows-ix86+x86_64 0.2-5 5.00 38.00 43.00 OK
r-release-osx-x86_64 0.2-5 ERROR
r-oldrel-windows-ix86+x86_64 0.2-5 3.00 34.00 37.00 OK
r-oldrel-osx-x86_64 0.2-5 ERROR

Check Details

Version: 0.2-5
Check: package dependencies
Result: ERROR
    Package required but not available: ‘Rsymphony’
    
    See section ‘The DESCRIPTION file’ in the ‘Writing R Extensions’
    manual.
Flavors: r-release-osx-x86_64, r-oldrel-osx-x86_64