CRAN Package Check Results for Package ROI.plugin.symphony

Last updated on 2019-06-25 05:49:02 CEST.

Flavor Version Tinstall Tcheck Ttotal Status Flags
r-devel-linux-x86_64-debian-clang 0.2-5 2.54 68.65 71.19 OK
r-devel-linux-x86_64-debian-gcc 0.2-5 1.83 50.42 52.25 OK
r-devel-linux-x86_64-fedora-clang 0.2-5 73.57 OK
r-devel-linux-x86_64-fedora-gcc 0.2-5 67.19 OK
r-devel-windows-ix86+x86_64 0.2-5 10.00 48.00 58.00 OK
r-patched-linux-x86_64 0.2-5 2.32 66.91 69.23 OK
r-release-linux-x86_64 0.2-5 2.58 67.09 69.67 OK
r-release-windows-ix86+x86_64 0.2-5 8.00 35.00 43.00 OK
r-release-osx-x86_64 0.2-5 ERROR
r-oldrel-windows-ix86+x86_64 0.2-5 3.00 49.00 52.00 OK
r-oldrel-osx-x86_64 0.2-5 ERROR

Check Details

Version: 0.2-5
Check: package dependencies
Result: ERROR
    Package required but not available: ‘Rsymphony’
    
    See section ‘The DESCRIPTION file’ in the ‘Writing R Extensions’
    manual.
Flavors: r-release-osx-x86_64, r-oldrel-osx-x86_64