CRAN Package Check Results for Package ROI.plugin.symphony

Last updated on 2019-09-17 05:47:18 CEST.

Flavor Version Tinstall Tcheck Ttotal Status Flags
r-devel-linux-x86_64-debian-clang 0.2-5 2.28 67.94 70.22 OK
r-devel-linux-x86_64-debian-gcc 0.2-5 OK
r-devel-linux-x86_64-fedora-clang 0.2-5 73.39 OK
r-devel-linux-x86_64-fedora-gcc 0.2-5 72.93 OK
r-devel-windows-ix86+x86_64 0.2-5 9.00 49.00 58.00 OK
r-patched-linux-x86_64 0.2-5 2.09 66.18 68.27 OK
r-release-linux-x86_64 0.2-5 2.36 65.99 68.35 OK
r-release-windows-ix86+x86_64 0.2-5 8.00 35.00 43.00 OK
r-release-osx-x86_64 0.2-5 ERROR
r-oldrel-windows-ix86+x86_64 0.2-5 3.00 49.00 52.00 OK
r-oldrel-osx-x86_64 0.2-5 ERROR

Check Details

Version: 0.2-5
Check: package dependencies
Result: ERROR
    Package required but not available: ‘Rsymphony’
    
    See section ‘The DESCRIPTION file’ in the ‘Writing R Extensions’
    manual.
Flavors: r-release-osx-x86_64, r-oldrel-osx-x86_64