CRAN Package Check Results for Package ROMDB

Last updated on 2024-06-13 06:58:16 CEST.

Flavor Version Tinstall Tcheck Ttotal Status Flags
r-devel-linux-x86_64-debian-clang 0.1.0 6.07 48.26 54.33 NOTE
r-devel-linux-x86_64-debian-gcc 0.1.0 0.35 1.68 2.03 ERROR
r-devel-linux-x86_64-fedora-clang 0.1.0 68.33 NOTE
r-devel-linux-x86_64-fedora-gcc 0.1.0 62.65 NOTE
r-devel-windows-x86_64 0.1.0 6.00 56.00 62.00 NOTE
r-patched-linux-x86_64 0.1.0 5.55 46.12 51.67 NOTE
r-release-linux-x86_64 0.1.0 5.86 45.98 51.84 NOTE
r-release-macos-arm64 0.1.0 23.00 NOTE
r-release-macos-x86_64 0.1.0 34.00 NOTE
r-release-windows-x86_64 0.1.0 7.00 59.00 66.00 NOTE
r-oldrel-macos-arm64 0.1.0 26.00 NOTE
r-oldrel-macos-x86_64 0.1.0 35.00 NOTE
r-oldrel-windows-x86_64 0.1.0 7.00 67.00 74.00 NOTE

Check Details

Version: 0.1.0
Check: LazyData
Result: NOTE 'LazyData' is specified without a 'data' directory Flavors: r-devel-linux-x86_64-debian-clang, r-devel-linux-x86_64-fedora-clang, r-devel-linux-x86_64-fedora-gcc, r-devel-windows-x86_64, r-patched-linux-x86_64, r-release-linux-x86_64, r-release-macos-arm64, r-release-macos-x86_64, r-release-windows-x86_64, r-oldrel-macos-arm64, r-oldrel-macos-x86_64, r-oldrel-windows-x86_64

Version: 0.1.0
Check: package dependencies
Result: ERROR Packages required but not available: 'dplyr', 'purrr', 'stringr', 'magick' See section ‘The DESCRIPTION file’ in the ‘Writing R Extensions’ manual. Flavor: r-devel-linux-x86_64-debian-gcc