CRAN Package Check Results for Package ROSE

Last updated on 2021-12-03 05:52:11 CET.

Flavor Version Tinstall Tcheck Ttotal Status Flags
r-devel-linux-x86_64-debian-clang 0.0-4 2.66 25.54 28.20 OK
r-devel-linux-x86_64-debian-gcc 0.0-4 2.01 19.71 21.72 OK
r-devel-linux-x86_64-fedora-clang 0.0-4 45.45 NOTE
r-devel-linux-x86_64-fedora-gcc 0.0-4 34.78 OK
r-devel-windows-x86_64-new-UL 0.0-4 7.00 60.00 67.00 OK
r-devel-windows-x86_64-new-TK 0.0-4 OK
r-devel-windows-x86_64-old 0.0-4 5.00 30.00 35.00 OK
r-patched-linux-x86_64 0.0-4 2.95 24.13 27.08 OK
r-patched-solaris-x86 0.0-4 52.00 OK
r-release-linux-x86_64 0.0-4 2.21 24.37 26.58 OK
r-release-macos-arm64 0.0-4 OK
r-release-macos-x86_64 0.0-4 OK
r-release-windows-ix86+x86_64 0.0-4 6.00 46.00 52.00 OK
r-oldrel-macos-x86_64 0.0-4 OK
r-oldrel-windows-ix86+x86_64 0.0-4 7.00 41.00 48.00 OK

Check Details

Version: 0.0-4
Check: Rd cross-references
Result: NOTE
    Undeclared package ‘pROC’ in Rd xrefs
Flavor: r-devel-linux-x86_64-fedora-clang