CRAN Package Check Results for Package RPANDA

Last updated on 2019-07-16 05:48:30 CEST.

Flavor Version Tinstall Tcheck Ttotal Status Flags
r-devel-linux-x86_64-debian-clang 1.6 32.93 237.37 270.30 OK
r-devel-linux-x86_64-debian-gcc 1.6 28.41 184.73 213.14 OK
r-devel-linux-x86_64-fedora-clang 1.6 342.81 NOTE
r-devel-linux-x86_64-fedora-gcc 1.6 334.96 NOTE
r-devel-windows-ix86+x86_64 1.6 92.00 354.00 446.00 OK
r-patched-linux-x86_64 1.6 34.66 236.02 270.68 OK
r-patched-solaris-x86 1.6 460.30 OK
r-release-linux-x86_64 1.6 31.53 236.44 267.97 OK
r-release-windows-ix86+x86_64 1.6 60.00 495.00 555.00 OK
r-release-osx-x86_64 1.6 OK
r-oldrel-windows-ix86+x86_64 1.6 66.00 343.00 409.00 OK
r-oldrel-osx-x86_64 1.6 OK

Check Details

Version: 1.6
Check: compiled code
Result: NOTE
    File ‘RPANDA/libs/RPANDA.so’:
     Found no calls to: ‘R_registerRoutines’, ‘R_useDynamicSymbols’
    
    It is good practice to register native routines and to disable symbol
    search.
    
    See ‘Writing portable packages’ in the ‘Writing R Extensions’ manual.
Flavors: r-devel-linux-x86_64-fedora-clang, r-devel-linux-x86_64-fedora-gcc