CRAN Package Check Results for Package RPEnsemble

Last updated on 2019-07-16 05:48:30 CEST.

Flavor Version Tinstall Tcheck Ttotal Status Flags
r-devel-linux-x86_64-debian-clang 0.4 2.57 22.30 24.87 OK
r-devel-linux-x86_64-debian-gcc 0.4 2.01 18.14 20.15 OK
r-devel-linux-x86_64-fedora-clang 0.4 29.44 OK
r-devel-linux-x86_64-fedora-gcc 0.4 28.25 OK
r-devel-windows-ix86+x86_64 0.4 7.00 37.00 44.00 OK
r-patched-linux-x86_64 0.4 2.21 22.34 24.55 NOTE
r-patched-solaris-x86 0.4 54.00 OK
r-release-linux-x86_64 0.4 2.65 22.11 24.76 NOTE
r-release-windows-ix86+x86_64 0.4 6.00 55.00 61.00 OK
r-release-osx-x86_64 0.4 OK
r-oldrel-windows-ix86+x86_64 0.4 7.00 39.00 46.00 OK
r-oldrel-osx-x86_64 0.4 OK

Check Details

Version: 0.4
Check: DESCRIPTION meta-information
Result: NOTE
    Dependence on R version ‘3.4.2’ not with patchlevel 0
Flavors: r-patched-linux-x86_64, r-release-linux-x86_64