CRAN Package Check Results for Package RPPanalyzer

Last updated on 2023-01-28 05:56:33 CET.

Flavor Version Tinstall Tcheck Ttotal Status Flags
r-devel-linux-x86_64-debian-clang 1.4.7 20.43 176.29 196.72 OK
r-devel-linux-x86_64-debian-gcc 1.4.7 19.32 131.31 150.63 OK
r-devel-linux-x86_64-fedora-clang 1.4.7 262.08 NOTE
r-devel-linux-x86_64-fedora-gcc 1.4.7 252.21 OK
r-devel-windows-x86_64 1.4.7 75.00 220.00 295.00 NOTE
r-patched-linux-x86_64 1.4.7 21.90 166.51 188.41 OK
r-release-linux-x86_64 1.4.7 16.17 169.18 185.35 OK
r-release-macos-arm64 1.4.7 70.00 NOTE
r-release-macos-x86_64 1.4.7 110.00 NOTE
r-release-windows-x86_64 1.4.7 36.00 219.00 255.00 NOTE
r-oldrel-macos-arm64 1.4.7 80.00 NOTE
r-oldrel-macos-x86_64 1.4.7 134.00 NOTE
r-oldrel-windows-ix86+x86_64 1.4.7 46.00 196.00 242.00 NOTE

Check Details

Version: 1.4.7
Check: installed package size
Result: NOTE
     installed size is 5.4Mb
     sub-directories of 1Mb or more:
     extdata 4.6Mb
Flavors: r-devel-linux-x86_64-fedora-clang, r-devel-windows-x86_64, r-release-macos-arm64, r-release-macos-x86_64, r-release-windows-x86_64, r-oldrel-macos-arm64, r-oldrel-macos-x86_64, r-oldrel-windows-ix86+x86_64