CRAN Package Check Results for Package RProtoBuf

Last updated on 2019-09-18 05:47:09 CEST.

Flavor Version Tinstall Tcheck Ttotal Status Flags
r-devel-linux-x86_64-debian-clang 0.4.14 225.90 124.34 350.24 OK
r-devel-linux-x86_64-debian-gcc 0.4.14 170.78 97.65 268.43 OK
r-devel-linux-x86_64-fedora-clang 0.4.14 534.94 NOTE
r-devel-linux-x86_64-fedora-gcc 0.4.14 490.76 OK
r-devel-windows-ix86+x86_64 0.4.14 698.00 204.00 902.00 NOTE
r-patched-linux-x86_64 0.4.14 194.19 121.72 315.91 OK
r-release-linux-x86_64 0.4.14 196.57 120.59 317.16 OK
r-release-windows-ix86+x86_64 0.4.14 525.00 199.00 724.00 NOTE
r-release-osx-x86_64 0.4.14 NOTE
r-oldrel-windows-ix86+x86_64 0.4.14 679.00 187.00 866.00 NOTE
r-oldrel-osx-x86_64 0.4.14 NOTE

Check Details

Version: 0.4.14
Check: installed package size
Result: NOTE
     installed size is 10.7Mb
     sub-directories of 1Mb or more:
     doc 1.1Mb
     libs 8.6Mb
Flavors: r-devel-linux-x86_64-fedora-clang, r-devel-windows-ix86+x86_64, r-release-windows-ix86+x86_64, r-release-osx-x86_64, r-oldrel-windows-ix86+x86_64, r-oldrel-osx-x86_64