CRAN Package Check Results for Package RSAGA

Last updated on 2022-01-20 05:50:34 CET.

Flavor Version Tinstall Tcheck Ttotal Status Flags
r-devel-linux-x86_64-debian-clang 1.3.0 OK
r-devel-linux-x86_64-debian-gcc 1.3.0 8.40 68.67 77.07 OK
r-devel-linux-x86_64-fedora-clang 1.3.0 124.32 NOTE
r-devel-linux-x86_64-fedora-gcc 1.3.0 111.47 OK
r-devel-windows-x86_64-new-UL 1.3.0 65.00 119.00 184.00 OK
r-devel-windows-x86_64-new-TK 1.3.0 OK
r-patched-linux-x86_64 1.3.0 10.73 86.90 97.63 OK
r-release-linux-x86_64 1.3.0 OK
r-release-macos-arm64 1.3.0 OK
r-release-macos-x86_64 1.3.0 OK
r-release-windows-ix86+x86_64 1.3.0 20.00 103.00 123.00 OK
r-oldrel-macos-x86_64 1.3.0 OK
r-oldrel-windows-ix86+x86_64 1.3.0 22.00 107.00 129.00 OK

Check Details

Version: 1.3.0
Check: Rd cross-references
Result: NOTE
    Undeclared package ‘sp’ in Rd xrefs
Flavor: r-devel-linux-x86_64-fedora-clang