CRAN Package Check Results for Package RSCABS

Last updated on 2021-09-21 05:51:32 CEST.

Flavor Version Tinstall Tcheck Ttotal Status Flags
r-devel-linux-x86_64-debian-clang 0.9.5 5.93 69.30 75.23 OK
r-devel-linux-x86_64-debian-gcc 0.9.5 6.08 55.51 61.59 OK
r-devel-linux-x86_64-fedora-clang 0.9.5 104.13 OK
r-devel-linux-x86_64-fedora-gcc 0.9.5 92.49 OK
r-devel-windows-x86_64 0.9.5 9.00 69.00 78.00 OK
r-devel-windows-x86_64-gcc10-UCRT 0.9.5 ERROR
r-patched-linux-x86_64 0.9.5 7.51 67.99 75.50 OK
r-patched-solaris-x86 0.9.5 158.00 OK
r-release-linux-x86_64 0.9.5 6.90 67.91 74.81 OK
r-release-macos-arm64 0.9.5 ERROR
r-release-macos-x86_64 0.9.5 OK
r-release-windows-ix86+x86_64 0.9.5 13.00 90.00 103.00 OK
r-oldrel-macos-x86_64 0.9.5 OK
r-oldrel-windows-ix86+x86_64 0.9.5 14.00 69.00 83.00 OK

Check Details

Version: 0.9.5
Check: whether package can be installed
Result: WARN
    Found the following significant warnings:
     WARNING: installation-time patches will not be applied, could not get the patches index
Flavor: r-devel-windows-x86_64-gcc10-UCRT

Version: 0.9.5
Check: PDF version of manual
Result: WARN
    LaTeX errors when creating PDF version.
    This typically indicates Rd problems.
Flavor: r-devel-windows-x86_64-gcc10-UCRT

Version: 0.9.5
Check: PDF version of manual without hyperrefs or index
Result: ERROR
    Re-running with no redirection of stdout/stderr.
Flavor: r-devel-windows-x86_64-gcc10-UCRT

Version: 0.9.5
Check: package dependencies
Result: ERROR
    Packages required but not available: 'RGtk2', 'gWidgets2RGtk2'
    
    See section ‘The DESCRIPTION file’ in the ‘Writing R Extensions’
    manual.
Flavor: r-release-macos-arm64