CRAN Package Check Results for Package RSDK

Last updated on 2023-02-08 06:00:15 CET.

Flavor Version Tinstall Tcheck Ttotal Status Flags
r-devel-linux-x86_64-debian-clang 1.0.1 2.37 31.86 34.23 OK
r-devel-linux-x86_64-debian-gcc 1.0.1 1.87 23.68 25.55 OK
r-devel-linux-x86_64-fedora-clang 1.0.1 43.10 NOTE
r-devel-linux-x86_64-fedora-gcc 1.0.1 41.87 NOTE
r-devel-windows-x86_64 1.0.1 13.00 58.00 71.00 OK
r-patched-linux-x86_64 1.0.1 2.12 31.01 33.13 OK
r-release-linux-x86_64 1.0.1 2.66 30.94 33.60 OK
r-release-macos-arm64 1.0.1 20.00 NOTE
r-release-macos-x86_64 1.0.1 28.00 NOTE
r-release-windows-x86_64 1.0.1 6.00 61.00 67.00 OK
r-oldrel-macos-arm64 1.0.1 16.00 NOTE
r-oldrel-macos-x86_64 1.0.1 24.00 NOTE
r-oldrel-windows-ix86+x86_64 1.0.1 7.00 55.00 62.00 OK

Check Details

Version: 1.0.1
Check: dependencies in R code
Result: NOTE
    Namespaces in Imports field not imported from:
     ‘keys’ ‘shinyWidgets’ ‘testthat’
     All declared Imports should be used.
Flavors: r-devel-linux-x86_64-fedora-clang, r-devel-linux-x86_64-fedora-gcc, r-release-macos-arm64, r-release-macos-x86_64, r-oldrel-macos-arm64, r-oldrel-macos-x86_64