CRAN Package Check Results for Package RStoolbox

Last updated on 2022-01-22 05:10:31 CET.

Flavor Version Tinstall Tcheck Ttotal Status Flags
r-devel-linux-x86_64-debian-clang 0.2.6 156.30 592.69 748.99 OK
r-devel-linux-x86_64-debian-gcc 0.2.6 113.14 429.83 542.97 OK
r-devel-linux-x86_64-fedora-clang 0.2.6 948.75 NOTE
r-devel-linux-x86_64-fedora-gcc 0.2.6 890.51 OK
r-devel-windows-x86_64-new-UL 0.2.6 228.00 581.00 809.00 OK
r-devel-windows-x86_64-new-TK 0.2.6 OK
r-patched-linux-x86_64 0.2.6 127.33 571.18 698.51 OK
r-release-linux-x86_64 0.2.6 106.52 560.66 667.18 OK
r-release-macos-arm64 0.2.6 NOTE
r-release-macos-x86_64 0.2.6 NOTE
r-release-windows-ix86+x86_64 0.2.6 369.00 976.00 1345.00 OK
r-oldrel-macos-x86_64 0.2.6 NOTE
r-oldrel-windows-ix86+x86_64 0.2.6 371.00 1031.00 1402.00 OK

Check Details

Version: 0.2.6
Check: installed package size
Result: NOTE
     installed size is 5.2Mb
     sub-directories of 1Mb or more:
     libs 3.7Mb
Flavors: r-devel-linux-x86_64-fedora-clang, r-release-macos-arm64, r-release-macos-x86_64, r-oldrel-macos-x86_64