CRAN Package Check Results for Package RSuite

Last updated on 2019-10-21 05:47:12 CEST.

Flavor Version Tinstall Tcheck Ttotal Status Flags
r-devel-linux-x86_64-debian-clang 0.37-253 17.51 194.20 211.71 OK
r-devel-linux-x86_64-debian-gcc 0.37-253 11.99 147.39 159.38 OK
r-devel-linux-x86_64-fedora-clang 0.37-253 264.17 OK
r-devel-linux-x86_64-fedora-gcc 0.37-253 260.78 OK
r-devel-windows-ix86+x86_64 0.37-253 27.00 0.00 27.00 FAIL
r-patched-linux-x86_64 0.37-253 16.74 182.32 199.06 OK
r-patched-solaris-x86 0.37-253 159.50 ERROR
r-release-linux-x86_64 0.37-253 14.56 185.64 200.20 OK
r-release-windows-ix86+x86_64 0.37-253 49.00 702.00 751.00 OK
r-release-osx-x86_64 0.37-253 OK
r-oldrel-windows-ix86+x86_64 0.37-253 20.00 501.00 521.00 OK
r-oldrel-osx-x86_64 0.37-253 OK

Check Details

Version: 0.37-253
Check: re-building of vignette outputs
Result: FAIL
    Check process probably crashed or hung up for 20 minutes ... killed
    Most likely this happened in the example checks (?),
    if not, ignore the following last lines of example output:
    > ### Title: Creates a new template with the specified name, in the specified
    > ### path.
    > ### Aliases: tmpl_start
    >
    > ### ** Examples
    >
    > tmpl_dir <- tempfile("templ_")
    > tmpl_start(basename(tmpl_dir), path = tempdir())
    2019-10-18 15:14:20 INFO:rsuite:templ_2d30065615e48 project template was created successfully
    2019-10-18 15:14:20 INFO:rsuite:templ_2d30065615e48 package template was created successfully
    2019-10-18 15:14:20 INFO:rsuite:templ_2d30065615e48 template was created successfully
    >
    >
    >
    >
    > ### * <FOOTER>
    > ###
    > cleanEx()
    > options(digits = 7L)
    > base::cat("Time elapsed: ", proc.time() - base::get("ptime", pos = 'CheckExEnv'),"\n")
    Time elapsed: 8.03 2.34 19.69 NA NA
    > grDevices::dev.off()
    null device
     1
    > ###
    > ### Local variables: ***
    > ### mode: outline-minor ***
    > ### outline-regexp: "\\(> \\)?### [*]+" ***
    > ### End: ***
    > quit('no')
    ======== End of example output (where/before crash/hang up occured ?) ========
Flavor: r-devel-windows-ix86+x86_64

Version: 0.37-253
Check: examples
Result: ERROR
    Running examples in ‘RSuite-Ex.R’ failed
    The error most likely occurred in:
    
    > ### Name: prj_pack
    > ### Title: Prepares project source pack tagged with version.
    > ### Aliases: prj_pack
    >
    > ### ** Examples
    >
    > # create exemplary project base folder
    > prj_base <- tempfile("example_")
    > dir.create(prj_base, recursive = TRUE, showWarnings = FALSE)
    >
    > # start project
    > prj <- prj_start("my_project", skip_rc = TRUE, path = prj_base)
    2019-10-17 04:23:10 INFO:rsuite:Project my_project has structure compliant with current version of RSuite(v0.37.253).
    2019-10-17 04:23:10 INFO:rsuite:Project my_project started.
    >
    > # create package in the project
    > prj_start_package("mypackage", prj = prj, skip_rc = TRUE)
    2019-10-17 04:23:10 INFO:rsuite:Package mypackage started in project my_project.
    >
    > # build project source pack
    > pack_fpath <- prj_pack(prj = prj, path = tempdir(), pack_ver = "1.0")
    2019-10-17 04:23:10 WARNING:rsuite:Project environment is not locked!
    2019-10-17 04:23:10 INFO:rsuite:Exporting project from /tmp/Rtmp6raOUQ/working_dir/Rtmpmwa4Ii/example_11171a624bce/my_project ...
    2019-10-17 04:23:10 INFO:rsuite:Exporting project from /tmp/Rtmp6raOUQ/working_dir/Rtmpmwa4Ii/example_11171a624bce/my_project ... done
    2019-10-17 04:23:11 WARNING:rsuite:Zip building aborted for /tmp/Rtmp6raOUQ/working_dir/Rtmpmwa4Ii/prjpack_my_project_1.0x.zip
    2019-10-17 04:23:11 ERROR:rsuite:Failed to create pack file (zip returned non 0 return status).
    Error: Failed to create pack file (zip returned non 0 return status).
    Execution halted
Flavor: r-patched-solaris-x86