CRAN Package Check Results for Package RSuite

Last updated on 2020-05-30 05:48:16 CEST.

Flavor Version Tinstall Tcheck Ttotal Status Flags
r-devel-linux-x86_64-debian-clang 0.37-253 14.93 1252.60 1267.53 OK
r-devel-linux-x86_64-debian-gcc 0.37-253 13.34 861.38 874.72 OK
r-devel-linux-x86_64-fedora-clang 0.37-253 1489.11 OK
r-devel-linux-x86_64-fedora-gcc 0.37-253 296.69 OK
r-devel-windows-ix86+x86_64 0.37-253 39.00 972.00 1011.00 OK
r-patched-linux-x86_64 0.37-253 17.11 1058.30 1075.41 OK
r-patched-solaris-x86 0.37-253 186.40 ERROR
r-release-linux-x86_64 0.37-253 14.24 1059.14 1073.38 OK
r-release-osx-x86_64 0.37-253 OK
r-release-windows-ix86+x86_64 0.37-253 31.00 1539.00 1570.00 OK
r-oldrel-osx-x86_64 0.37-253 OK
r-oldrel-windows-ix86+x86_64 0.37-253 26.00 657.00 683.00 OK

Check Details

Version: 0.37-253
Check: examples
Result: ERROR
    Running examples in ‘RSuite-Ex.R’ failed
    The error most likely occurred in:
    
    > ### Name: prj_pack
    > ### Title: Prepares project source pack tagged with version.
    > ### Aliases: prj_pack
    >
    > ### ** Examples
    >
    > # create exemplary project base folder
    > prj_base <- tempfile("example_")
    > dir.create(prj_base, recursive = TRUE, showWarnings = FALSE)
    >
    > # start project
    > prj <- prj_start("my_project", skip_rc = TRUE, path = prj_base)
    2020-05-25 10:25:57 INFO:rsuite:Project my_project has structure compliant with current version of RSuite(v0.37.253).
    2020-05-25 10:25:57 INFO:rsuite:Project my_project started.
    >
    > # create package in the project
    > prj_start_package("mypackage", prj = prj, skip_rc = TRUE)
    2020-05-25 10:25:57 INFO:rsuite:Package mypackage started in project my_project.
    >
    > # build project source pack
    > pack_fpath <- prj_pack(prj = prj, path = tempdir(), pack_ver = "1.0")
    2020-05-25 10:25:57 WARNING:rsuite:Project environment is not locked!
    2020-05-25 10:25:57 INFO:rsuite:Exporting project from /tmp/RtmpJfaa5A/working_dir/Rtmp4FaaR1/example_6b5846401949/my_project ...
    2020-05-25 10:25:57 INFO:rsuite:Exporting project from /tmp/RtmpJfaa5A/working_dir/Rtmp4FaaR1/example_6b5846401949/my_project ... done
    2020-05-25 10:25:58 WARNING:rsuite:Zip building aborted for /tmp/RtmpJfaa5A/working_dir/Rtmp4FaaR1/prjpack_my_project_1.0x.zip
    2020-05-25 10:25:58 ERROR:rsuite:Failed to create pack file (zip returned non 0 return status).
    Error: Failed to create pack file (zip returned non 0 return status).
    Execution halted
Flavor: r-patched-solaris-x86