CRAN Package Check Results for Package RTextTools

Last updated on 2021-12-07 05:55:17 CET.

Flavor Version Tinstall Tcheck Ttotal Status Flags
r-devel-linux-x86_64-debian-clang 1.4.3 11.16 115.54 126.70 OK
r-devel-linux-x86_64-debian-gcc 1.4.3 10.04 92.40 102.44 OK
r-devel-linux-x86_64-fedora-clang 1.4.3 157.45 NOTE
r-devel-linux-x86_64-fedora-gcc 1.4.3 144.83 NOTE
r-devel-windows-x86_64-new-UL 1.4.3 34.00 159.00 193.00 OK
r-devel-windows-x86_64-new-TK 1.4.3 OK
r-devel-windows-x86_64-old 1.4.3 23.00 150.00 173.00 OK
r-patched-linux-x86_64 1.4.3 7.96 110.41 118.37 OK
r-release-linux-x86_64 1.4.3 12.57 111.39 123.96 OK
r-release-macos-arm64 1.4.3 OK
r-release-macos-x86_64 1.4.3 OK
r-release-windows-ix86+x86_64 1.4.3 28.00 194.00 222.00 OK
r-oldrel-macos-x86_64 1.4.3 OK
r-oldrel-windows-ix86+x86_64 1.4.3 39.00 196.00 235.00 OK

Check Details

Version: 1.4.3
Check: compiled code
Result: NOTE
    File ‘RTextTools/libs/RTextTools.so’:
     Found no calls to: ‘R_registerRoutines’, ‘R_useDynamicSymbols’
    
    It is good practice to register native routines and to disable symbol
    search.
    
    See ‘Writing portable packages’ in the ‘Writing R Extensions’ manual.
Flavors: r-devel-linux-x86_64-fedora-clang, r-devel-linux-x86_64-fedora-gcc