CRAN Package Check Results for Package RWeka

Last updated on 2019-10-15 05:47:58 CEST.

Flavor Version Tinstall Tcheck Ttotal Status Flags
r-devel-linux-x86_64-debian-clang 0.4-40 9.06 97.02 106.08 OK
r-devel-linux-x86_64-debian-gcc 0.4-40 7.26 74.14 81.40 OK
r-devel-linux-x86_64-fedora-clang 0.4-40 138.02 OK
r-devel-linux-x86_64-fedora-gcc 0.4-40 133.22 OK
r-devel-windows-ix86+x86_64 0.4-40 12.00 8.00 20.00 ERROR
r-patched-linux-x86_64 0.4-40 8.81 93.76 102.57 OK
r-release-linux-x86_64 0.4-40 8.77 94.41 103.18 OK
r-release-windows-ix86+x86_64 0.4-40 23.00 96.00 119.00 OK
r-release-osx-x86_64 0.4-40 OK
r-oldrel-windows-ix86+x86_64 0.4-40 10.00 99.00 109.00 OK
r-oldrel-osx-x86_64 0.4-40 OK

Check Details

Version: 0.4-40
Check: whether package can be installed
Result: ERROR
    Installation failed.
Flavor: r-devel-windows-ix86+x86_64