CRAN Package Check Results for Package RZooRoH

Last updated on 2021-12-06 05:53:22 CET.

Flavor Version Tinstall Tcheck Ttotal Status Flags
r-devel-linux-x86_64-debian-clang 0.3.1 10.75 91.27 102.02 OK
r-devel-linux-x86_64-debian-gcc 0.3.1 8.95 70.91 79.86 OK
r-devel-linux-x86_64-fedora-clang 0.3.1 125.59 OK
r-devel-linux-x86_64-fedora-gcc 0.3.1 114.00 OK
r-devel-windows-x86_64-new-UL 0.3.1 29.00 197.00 226.00 OK
r-devel-windows-x86_64-new-TK 0.3.1 OK
r-devel-windows-x86_64-old 0.3.1 19.00 115.00 134.00 OK
r-patched-linux-x86_64 0.3.1 10.63 80.48 91.11 OK
r-release-linux-x86_64 0.3.1 10.54 88.28 98.82 OK
r-release-macos-arm64 0.3.1 OK
r-release-macos-x86_64 0.3.1 OK
r-release-windows-ix86+x86_64 0.3.1 28.00 204.00 232.00 NOTE
r-oldrel-macos-x86_64 0.3.1 OK
r-oldrel-windows-ix86+x86_64 0.3.1 28.00 201.00 229.00 NOTE

Check Details

Version: 0.3.1
Check: installed package size
Result: NOTE
     installed size is 5.0Mb
     sub-directories of 1Mb or more:
     exdata 2.4Mb
Flavors: r-release-windows-ix86+x86_64, r-oldrel-windows-ix86+x86_64