CRAN Package Check Results for Package RawHummus

Last updated on 2021-12-05 05:52:57 CET.

Flavor Version Tinstall Tcheck Ttotal Status Flags
r-devel-linux-x86_64-debian-clang 0.2.1 7.46 74.82 82.28 OK
r-devel-linux-x86_64-debian-gcc 0.2.1 6.46 56.63 63.09 OK
r-devel-linux-x86_64-fedora-clang 0.2.1 100.02 OK
r-devel-linux-x86_64-fedora-gcc 0.2.1 87.99 OK
r-devel-windows-x86_64-new-UL 0.2.1 23.00 128.00 151.00 OK
r-devel-windows-x86_64-new-TK 0.2.1 OK
r-devel-windows-x86_64-old 0.2.1 6.00 8.00 14.00 ERROR
r-patched-linux-x86_64 0.2.0 7.02 60.92 67.94 OK
r-release-linux-x86_64 0.2.1 7.49 70.63 78.12 OK
r-release-macos-arm64 0.2.1 OK
r-release-macos-x86_64 0.2.1 OK
r-release-windows-ix86+x86_64 0.2.1 4.00 6.00 10.00 ERROR
r-oldrel-macos-x86_64 0.2.1 OK
r-oldrel-windows-ix86+x86_64 0.2.0 20.00 94.00 114.00 OK

Check Details

Version: 0.2.1
Check: whether package can be installed
Result: ERROR
    Installation failed.
Flavors: r-devel-windows-x86_64-old, r-release-windows-ix86+x86_64