CRAN Package Check Results for Package Rbgs

Last updated on 2019-09-18 05:47:08 CEST.

Flavor Version Tinstall Tcheck Ttotal Status Flags
r-devel-linux-x86_64-debian-clang 0.2 3.09 32.89 35.98 OK
r-devel-linux-x86_64-debian-gcc 0.2 2.93 26.42 29.35 OK
r-devel-linux-x86_64-fedora-clang 0.2 45.33 OK
r-devel-linux-x86_64-fedora-gcc 0.2 45.56 OK
r-devel-windows-ix86+x86_64 0.2 9.00 6.00 15.00 ERROR
r-patched-linux-x86_64 0.2 3.16 32.60 35.76 OK
r-patched-solaris-x86 0.2 63.60 OK
r-release-linux-x86_64 0.2 3.37 32.58 35.95 OK
r-release-windows-ix86+x86_64 0.2 8.00 47.00 55.00 OK
r-release-osx-x86_64 0.2 FAIL
r-oldrel-windows-ix86+x86_64 0.2 7.00 46.00 53.00 OK
r-oldrel-osx-x86_64 0.2 OK

Check Details

Version: 0.2
Check: whether package can be installed
Result: ERROR
    Installation failed.
Flavor: r-devel-windows-ix86+x86_64

Version: 0.2
Check: dependencies in R code
Result: FAIL
    
Flavor: r-release-osx-x86_64