CRAN Package Check Results for Package Rbgs

Last updated on 2020-02-20 05:48:33 CET.

Flavor Version Tinstall Tcheck Ttotal Status Flags
r-devel-linux-x86_64-debian-clang 0.2 3.85 37.61 41.46 OK
r-devel-linux-x86_64-debian-gcc 0.2 3.28 28.42 31.70 OK
r-devel-linux-x86_64-fedora-clang 0.2 54.95 OK
r-devel-linux-x86_64-fedora-gcc 0.2 52.47 OK
r-devel-windows-ix86+x86_64 0.2 10.00 49.00 59.00 OK
r-devel-windows-ix86+x86_64-gcc8 0.2 17.00 70.00 87.00 OK
r-patched-linux-x86_64 0.2 3.20 32.82 36.02 OK
r-patched-solaris-x86 0.2 68.30 OK
r-release-linux-x86_64 0.2 3.30 32.68 35.98 OK
r-release-windows-ix86+x86_64 0.2 9.00 47.00 56.00 OK
r-release-osx-x86_64 0.2 FAIL
r-oldrel-windows-ix86+x86_64 0.2 4.00 51.00 55.00 OK
r-oldrel-osx-x86_64 0.2 OK

Check Details

Version: 0.2
Check: dependencies in R code
Result: FAIL
Flavor: r-release-osx-x86_64