CRAN Package Check Results for Package Rborist

Last updated on 2020-07-09 05:47:59 CEST.

Flavor Version Tinstall Tcheck Ttotal Status Flags
r-devel-linux-x86_64-debian-clang 0.2-3 192.83 34.26 227.09 OK
r-devel-linux-x86_64-debian-gcc 0.2-3 137.92 26.82 164.74 OK
r-devel-linux-x86_64-fedora-clang 0.2-3 326.00 NOTE
r-devel-linux-x86_64-fedora-gcc 0.2-3 283.55 OK
r-devel-windows-ix86+x86_64 0.2-3 359.00 107.00 466.00 OK
r-patched-linux-x86_64 0.2-3 146.85 33.68 180.53 OK
r-patched-solaris-x86 0.2-3 254.50 OK
r-release-linux-x86_64 0.2-3 150.25 33.53 183.78 OK
r-release-osx-x86_64 0.2-3 NOTE
r-release-windows-ix86+x86_64 0.2-3 364.00 109.00 473.00 OK
r-oldrel-osx-x86_64 0.2-3 NOTE
r-oldrel-windows-ix86+x86_64 0.2-3 429.00 126.00 555.00 OK

Check Details

Version: 0.2-3
Check: installed package size
Result: NOTE
     installed size is 12.9Mb
     sub-directories of 1Mb or more:
     libs 12.6Mb
Flavors: r-devel-linux-x86_64-fedora-clang, r-release-osx-x86_64, r-oldrel-osx-x86_64