CRAN Package Check Results for Package Rborist

Last updated on 2019-12-06 05:46:48 CET.

Flavor Version Tinstall Tcheck Ttotal Status Flags
r-devel-linux-x86_64-debian-clang 0.2-3 174.17 33.47 207.64 OK
r-devel-linux-x86_64-debian-gcc 0.2-3 126.42 26.45 152.87 OK
r-devel-linux-x86_64-fedora-clang 0.2-3 300.20 NOTE
r-devel-linux-x86_64-fedora-gcc 0.2-3 287.39 OK
r-devel-windows-ix86+x86_64 0.2-3 374.00 101.00 475.00 OK
r-devel-windows-ix86+x86_64-gcc8 0.2-3 342.00 80.00 422.00 OK
r-patched-linux-x86_64 0.2-3 139.78 31.26 171.04 OK
r-patched-solaris-x86 0.2-3 279.90 OK
r-release-linux-x86_64 0.2-3 136.82 31.15 167.97 OK
r-release-windows-ix86+x86_64 0.2-3 526.00 79.00 605.00 OK
r-release-osx-x86_64 0.2-3 NOTE
r-oldrel-windows-ix86+x86_64 0.2-3 440.00 150.00 590.00 OK
r-oldrel-osx-x86_64 0.2-3 NOTE

Check Details

Version: 0.2-3
Check: installed package size
Result: NOTE
     installed size is 11.0Mb
     sub-directories of 1Mb or more:
     libs 10.8Mb
Flavors: r-devel-linux-x86_64-fedora-clang, r-release-osx-x86_64, r-oldrel-osx-x86_64