CRAN Package Check Results for Package Rcereal

Last updated on 2024-06-22 06:50:58 CEST.

Flavor Version Tinstall Tcheck Ttotal Status Flags
r-devel-linux-x86_64-debian-clang 1.2.1.1 2.57 26.22 28.79 NOTE
r-devel-linux-x86_64-debian-gcc 1.2.1.1 1.66 20.11 21.77 NOTE
r-devel-linux-x86_64-fedora-clang 1.2.1.1 36.43 NOTE
r-devel-linux-x86_64-fedora-gcc 1.2.1.1 47.31 NOTE
r-devel-windows-x86_64 1.2.1.1 3.00 41.00 44.00 NOTE
r-patched-linux-x86_64 1.2.1.1 2.34 24.38 26.72 NOTE
r-release-linux-x86_64 1.2.1.1 2.59 24.42 27.01 NOTE
r-release-macos-arm64 1.2.1.1 22.00 NOTE
r-release-macos-x86_64 1.2.1.1 43.00 NOTE
r-release-windows-x86_64 1.2.1.1 5.00 42.00 47.00 NOTE
r-oldrel-macos-arm64 1.2.1.1 23.00 NOTE
r-oldrel-macos-x86_64 1.2.1.1 32.00 NOTE
r-oldrel-windows-x86_64 1.2.1.1 3.00 43.00 46.00 NOTE

Check Details

Version: 1.2.1.1
Check: LazyData
Result: NOTE 'LazyData' is specified without a 'data' directory Flavors: r-devel-linux-x86_64-debian-clang, r-devel-linux-x86_64-debian-gcc, r-devel-linux-x86_64-fedora-clang, r-devel-linux-x86_64-fedora-gcc, r-devel-windows-x86_64, r-patched-linux-x86_64, r-release-linux-x86_64, r-release-macos-arm64, r-release-macos-x86_64, r-release-windows-x86_64, r-oldrel-macos-arm64, r-oldrel-macos-x86_64, r-oldrel-windows-x86_64