CRAN Package Check Results for Package RclusTool

Last updated on 2022-01-16 05:51:31 CET.

Flavor Version Tinstall Tcheck Ttotal Status Flags
r-devel-linux-x86_64-debian-clang 0.91.3 25.24 146.99 172.23 NOTE
r-devel-linux-x86_64-debian-gcc 0.91.3 20.23 122.35 142.58 NOTE
r-devel-linux-x86_64-fedora-clang 0.91.3 213.59 NOTE
r-devel-linux-x86_64-fedora-gcc 0.91.3 196.58 NOTE
r-devel-windows-x86_64-new-UL 0.91.3 155.00 179.00 334.00 NOTE
r-devel-windows-x86_64-new-TK 0.91.3 ERROR
r-patched-linux-x86_64 0.91.3 25.75 138.95 164.70 NOTE
r-release-linux-x86_64 0.91.3 NOTE
r-release-macos-arm64 0.91.3 NOTE
r-release-macos-x86_64 0.91.3 NOTE
r-release-windows-ix86+x86_64 0.91.3 30.00 160.00 190.00 NOTE
r-oldrel-macos-x86_64 0.91.3 OK
r-oldrel-windows-ix86+x86_64 0.91.3 37.00 161.00 198.00 OK

Check Details

Version: 0.91.3
Check: LazyData
Result: NOTE
     'LazyData' is specified without a 'data' directory
Flavors: r-devel-linux-x86_64-debian-clang, r-devel-linux-x86_64-debian-gcc, r-devel-linux-x86_64-fedora-clang, r-devel-linux-x86_64-fedora-gcc, r-devel-windows-x86_64-new-UL, r-patched-linux-x86_64, r-release-linux-x86_64, r-release-macos-arm64, r-release-macos-x86_64, r-release-windows-ix86+x86_64

Version: 0.91.3
Check: package dependencies
Result: ERROR
    Packages required but not available: 'factoextra', 'FactoMineR'
    
    See section 'The DESCRIPTION file' in the 'Writing R Extensions'
    manual.
Flavor: r-devel-windows-x86_64-new-TK