CRAN Package Check Results for Package Rcmdr

Last updated on 2021-09-25 05:49:48 CEST.

Flavor Version Tinstall Tcheck Ttotal Status Flags
r-devel-linux-x86_64-debian-clang 2.7-1 49.76 254.29 304.05 OK
r-devel-linux-x86_64-debian-gcc 2.7-1 36.79 187.17 223.96 OK
r-devel-linux-x86_64-fedora-clang 2.7-1 386.33 NOTE
r-devel-linux-x86_64-fedora-gcc 2.7-1 373.69 OK
r-devel-windows-x86_64 2.7-1 37.00 165.00 202.00 NOTE
r-devel-windows-x86_64-gcc10-UCRT 2.7-1 OK
r-patched-linux-x86_64 2.7-1 49.50 241.83 291.33 OK
r-patched-solaris-x86 2.7-1 459.70 NOTE
r-release-linux-x86_64 2.7-1 46.78 245.26 292.04 OK
r-release-macos-arm64 2.7-1 NOTE
r-release-macos-x86_64 2.7-1 NOTE
r-release-windows-ix86+x86_64 2.7-1 77.00 245.00 322.00 NOTE
r-oldrel-macos-x86_64 2.7-1 NOTE
r-oldrel-windows-ix86+x86_64 2.7-1 48.00 173.00 221.00 NOTE

Check Details

Version: 2.7-1
Check: installed package size
Result: NOTE
     installed size is 6.5Mb
     sub-directories of 1Mb or more:
     R 1.2Mb
     doc 2.3Mb
     po 2.4Mb
Flavors: r-devel-linux-x86_64-fedora-clang, r-devel-windows-x86_64, r-patched-solaris-x86, r-release-macos-arm64, r-release-macos-x86_64, r-release-windows-ix86+x86_64, r-oldrel-macos-x86_64, r-oldrel-windows-ix86+x86_64