CRAN Package Check Results for Package RcmdrPlugin.BiclustGUI

Last updated on 2021-10-16 05:51:33 CEST.

Flavor Version Tinstall Tcheck Ttotal Status Flags
r-devel-linux-x86_64-debian-clang 1.1.3 55.81 375.12 430.93 NOTE
r-devel-linux-x86_64-debian-gcc 1.1.3 43.88 278.32 322.20 NOTE
r-devel-linux-x86_64-fedora-clang 1.1.3 569.30 NOTE
r-devel-linux-x86_64-fedora-gcc 1.1.3 551.32 NOTE
r-devel-windows-x86_64 1.1.3 74.00 299.00 373.00 NOTE
r-devel-windows-x86_64-gcc10-UCRT 1.1.3 NOTE
r-patched-linux-x86_64 1.1.3 58.63 355.30 413.93 NOTE
r-patched-solaris-x86 1.1.3 700.90 NOTE
r-release-linux-x86_64 1.1.3 54.26 351.49 405.75 NOTE
r-release-macos-arm64 1.1.3 NOTE
r-release-macos-x86_64 1.1.3 NOTE
r-release-windows-ix86+x86_64 1.1.3 110.00 401.00 511.00 NOTE
r-oldrel-macos-x86_64 1.1.3 NOTE
r-oldrel-windows-ix86+x86_64 1.1.3 102.00 365.00 467.00 NOTE

Check Details

Version: 1.1.3
Check: package dependencies
Result: NOTE
    Depends: includes the non-default packages:
     'biclust', 'fabia', 'iBBiG', 'superbiclust', 'BcDiag', 'BicARE',
     's4vd', 'BiBitR'
    Adding so many packages to the search path is excessive and importing
    selectively is preferable.
Flavors: r-devel-linux-x86_64-debian-clang, r-devel-linux-x86_64-debian-gcc, r-devel-linux-x86_64-fedora-clang, r-devel-linux-x86_64-fedora-gcc, r-devel-windows-x86_64, r-devel-windows-x86_64-gcc10-UCRT, r-patched-linux-x86_64, r-patched-solaris-x86, r-release-linux-x86_64, r-release-windows-ix86+x86_64, r-oldrel-windows-ix86+x86_64

Version: 1.1.3
Check: R code for possible problems
Result: NOTE
    XIO: fatal IO error 146 (Connection refused) on X server ":5.0"
     after 0 requests (0 known processed) with 0 events remaining.
Flavor: r-patched-solaris-x86

Version: 1.1.3
Check: package dependencies
Result: NOTE
    Package suggested but not available for checking: ‘rqubic’
    
    Depends: includes the non-default packages:
     'biclust', 'fabia', 'iBBiG', 'superbiclust', 'BcDiag', 'BicARE',
     's4vd', 'BiBitR'
    Adding so many packages to the search path is excessive and importing
    selectively is preferable.
Flavors: r-release-macos-arm64, r-release-macos-x86_64, r-oldrel-macos-x86_64