CRAN Package Check Results for Package RcmdrPlugin.FuzzyClust

Last updated on 2021-10-20 05:50:53 CEST.

Flavor Version Tinstall Tcheck Ttotal Status Flags
r-devel-linux-x86_64-debian-clang 1.1 18.65 158.58 177.23 NOTE
r-devel-linux-x86_64-debian-gcc 1.1 15.17 120.66 135.83 NOTE
r-devel-linux-x86_64-fedora-clang 1.1 230.03 NOTE
r-devel-linux-x86_64-fedora-gcc 1.1 217.58 NOTE
r-devel-windows-x86_64 1.1 25.00 242.00 267.00 NOTE
r-devel-windows-x86_64-gcc10-UCRT 1.1 NOTE
r-patched-linux-x86_64 1.1 17.43 151.55 168.98 NOTE
r-patched-solaris-x86 1.1 317.70 NOTE
r-release-linux-x86_64 1.1 18.33 152.92 171.25 NOTE
r-release-macos-arm64 1.1 NOTE
r-release-macos-x86_64 1.1 WARN
r-release-windows-ix86+x86_64 1.1 37.00 191.00 228.00 NOTE
r-oldrel-macos-x86_64 1.1 WARN
r-oldrel-windows-ix86+x86_64 1.1 41.00 204.00 245.00 NOTE

Check Details

Version: 1.1
Check: R code for possible problems
Result: NOTE
    managedata: no visible binding for global variable 'data'
    Undefined global functions or variables:
     data
    Consider adding
     importFrom("utils", "data")
    to your NAMESPACE file.
Flavors: r-devel-linux-x86_64-debian-clang, r-devel-linux-x86_64-debian-gcc, r-devel-linux-x86_64-fedora-clang, r-devel-linux-x86_64-fedora-gcc, r-devel-windows-x86_64, r-devel-windows-x86_64-gcc10-UCRT, r-patched-linux-x86_64, r-patched-solaris-x86, r-release-linux-x86_64, r-release-macos-arm64, r-release-macos-x86_64, r-release-windows-ix86+x86_64, r-oldrel-macos-x86_64, r-oldrel-windows-ix86+x86_64

Version: 1.1
Check: re-building of vignette outputs
Result: WARN
    Error(s) in re-building vignettes:
     ...
    --- re-building ‘fuzzyrcmdrplugin.Rmd’ using rmarkdown
    Warning in engine$weave(file, quiet = quiet, encoding = enc) :
     Pandoc (>= 1.12.3) not available. Falling back to R Markdown v1.
    Quitting from lines 47-48 (fuzzyrcmdrplugin.Rmd)
    Error: processing vignette 'fuzzyrcmdrplugin.Rmd' failed with diagnostics:
    Cluster setup failed. 1 worker of 1 failed to connect.
    --- failed re-building ‘fuzzyrcmdrplugin.Rmd’
    
    SUMMARY: processing the following file failed:
     ‘fuzzyrcmdrplugin.Rmd’
    
    Error: Vignette re-building failed.
    Execution halted
Flavor: r-release-macos-x86_64

Version: 1.1
Check: re-building of vignette outputs
Result: WARN
    Error(s) in re-building vignettes:
     ...
    --- re-building ‘fuzzyrcmdrplugin.Rmd’ using rmarkdown
    Warning in engine$weave(file, quiet = quiet, encoding = enc) :
     Pandoc (>= 1.12.3) and/or pandoc-citeproc not available. Falling back to R Markdown v1.
    Quitting from lines 47-48 (fuzzyrcmdrplugin.Rmd)
    Error: processing vignette 'fuzzyrcmdrplugin.Rmd' failed with diagnostics:
    Cluster setup failed. 1 worker of 1 failed to connect.
    --- failed re-building ‘fuzzyrcmdrplugin.Rmd’
    
    SUMMARY: processing the following file failed:
     ‘fuzzyrcmdrplugin.Rmd’
    
    Error: Vignette re-building failed.
    Execution halted
Flavor: r-oldrel-macos-x86_64