CRAN Package Check Results for Package RcmdrPlugin.GWRM

Last updated on 2021-10-27 05:55:19 CEST.

Flavor Version Tinstall Tcheck Ttotal Status Flags
r-devel-linux-x86_64-debian-clang 1.0.2 15.72 121.55 137.27 NOTE
r-devel-linux-x86_64-debian-gcc 1.0.2 14.48 92.42 106.90 NOTE
r-devel-linux-x86_64-fedora-clang 1.0.2 178.04 NOTE
r-devel-linux-x86_64-fedora-gcc 1.0.2 165.32 NOTE
r-devel-windows-x86_64 1.0.2 25.00 106.00 131.00 NOTE
r-devel-windows-x86_64-gcc10-UCRT 1.0.2 NOTE
r-patched-linux-x86_64 1.0.2 23.18 116.16 139.34 NOTE
r-patched-solaris-x86 1.0.2 260.80 NOTE
r-release-linux-x86_64 1.0.2 15.90 115.66 131.56 NOTE
r-release-macos-arm64 1.0.2 NOTE
r-release-macos-x86_64 1.0.2 NOTE
r-release-windows-ix86+x86_64 1.0.2 28.00 152.00 180.00 NOTE
r-oldrel-macos-x86_64 1.0.2 OK
r-oldrel-windows-ix86+x86_64 1.0.2 42.00 158.00 200.00 OK

Check Details

Version: 1.0.2
Check: LazyData
Result: NOTE
     'LazyData' is specified without a 'data' directory
Flavors: r-devel-linux-x86_64-debian-clang, r-devel-linux-x86_64-debian-gcc, r-devel-linux-x86_64-fedora-clang, r-devel-linux-x86_64-fedora-gcc, r-devel-windows-x86_64, r-devel-windows-x86_64-gcc10-UCRT, r-patched-linux-x86_64, r-patched-solaris-x86, r-release-linux-x86_64, r-release-macos-arm64, r-release-macos-x86_64, r-release-windows-ix86+x86_64